CRAN Package Check Results for Package R6

Last updated on 2025-07-13 09:49:49 CEST.

Flavor Version Tinstall Tcheck Ttotal Status Flags
r-devel-linux-x86_64-debian-clang 2.6.1 1.36 28.52 29.88 OK
r-devel-linux-x86_64-debian-gcc 2.6.1 1.55 22.91 24.46 OK
r-devel-linux-x86_64-fedora-clang 2.6.1 45.85 OK
r-devel-linux-x86_64-fedora-gcc 2.6.1 43.50 OK
r-devel-windows-x86_64 2.6.1 4.00 52.00 56.00 OK
r-patched-linux-x86_64 2.6.1 1.93 26.39 28.32 OK
r-release-linux-x86_64 2.6.1 1.77 26.44 28.21 OK
r-release-macos-arm64 2.6.1 16.00 ERROR
r-release-macos-x86_64 2.6.1 35.00 OK
r-release-windows-x86_64 2.6.1 5.00 48.00 53.00 OK
r-oldrel-macos-arm64 2.6.1 42.00 OK
r-oldrel-macos-x86_64 2.6.1 50.00 OK
r-oldrel-windows-x86_64 2.6.1 5.00 54.00 59.00 OK

Check Details

Version: 2.6.1
Check: tests
Result: ERROR Running ‘testthat.R’ [0s/1s] Running the tests in ‘tests/testthat.R’ failed. Complete output: > library(testthat) > library(R6) > > test_check("R6") Error in loadNamespace(x) : there is no package called 'cli' Calls: test_check ... loadNamespace -> withRestarts -> withOneRestart -> doWithOneRestart Execution halted Flavor: r-release-macos-arm64