Last updated on 2025-10-24 09:50:14 CEST.
| Flavor | Version | Tinstall | Tcheck | Ttotal | Status | Flags |
|---|---|---|---|---|---|---|
| r-devel-linux-x86_64-debian-clang | 2.6.4 | 5.74 | 72.02 | 77.76 | NOTE | |
| r-devel-linux-x86_64-debian-gcc | 2.6.4 | 4.00 | 51.86 | 55.86 | NOTE | |
| r-devel-linux-x86_64-fedora-clang | 2.6.4 | 39.00 | 95.92 | 134.92 | OK | |
| r-devel-linux-x86_64-fedora-gcc | 2.6.4 | 11.00 | 113.35 | 124.35 | OK | |
| r-devel-windows-x86_64 | 2.6.4 | 11.00 | 110.00 | 121.00 | OK | |
| r-patched-linux-x86_64 | 2.6.4 | 7.68 | 67.52 | 75.20 | OK | |
| r-release-linux-x86_64 | 2.6.4 | 5.49 | 67.77 | 73.26 | OK | |
| r-release-macos-arm64 | 2.6.4 | 3.00 | 68.00 | 71.00 | OK | |
| r-release-macos-x86_64 | 2.6.4 | 5.00 | 107.00 | 112.00 | OK | |
| r-release-windows-x86_64 | 2.6.4 | 10.00 | 116.00 | 126.00 | NOTE | |
| r-oldrel-macos-arm64 | 2.6.4 | 3.00 | 61.00 | 64.00 | OK | |
| r-oldrel-macos-x86_64 | 2.6.4 | 4.00 | 119.00 | 123.00 | OK | |
| r-oldrel-windows-x86_64 | 2.6.4 | 12.00 | 138.00 | 150.00 | OK |
Version: 2.6.4
Check: HTML version of manual
Result: NOTE
Found the following HTML validation problems:
insert_ref.html:256:1 (insert_ref.Rd:196): Warning: <h4> anchor "Rd-macro-insertNoCite" already defined
set_Rdpack_bibstyle.html:45:1 (set_Rdpack_bibstyle.Rd:11): Warning: missing </ul> before </div>
Flavor: r-devel-linux-x86_64-debian-clang
Version: 2.6.4
Check: Rd files
Result: NOTE
checkRd: (-1) insert_ref.Rd:117-121: Only 3 columns allowed in this table (row 1 has 2)
checkRd: (-1) insert_ref.Rd:117-121: Only 3 columns allowed in this table (row 2 has 2)
checkRd: (-1) insert_ref.Rd:117-121: Only 3 columns allowed in this table (row 3 has 2)
checkRd: (-1) predefined.Rd:66-85: Only 12 columns allowed in this table (row 1 has 6)
checkRd: (-1) predefined.Rd:66-85: Only 12 columns allowed in this table (row 2 has 6)
checkRd: (-1) predefined.Rd:66-85: Only 12 columns allowed in this table (row 3 has 6)
checkRd: (-1) predefined.Rd:66-85: Only 12 columns allowed in this table (row 4 has 6)
checkRd: (-1) predefined.Rd:66-85: Only 12 columns allowed in this table (row 5 has 6)
checkRd: (-1) predefined.Rd:66-85: Only 12 columns allowed in this table (row 6 has 6)
checkRd: (-1) predefined.Rd:66-85: Only 12 columns allowed in this table (row 7 has 6)
checkRd: (-1) predefined.Rd:66-85: Only 12 columns allowed in this table (row 8 has 6)
checkRd: (-1) predefined.Rd:66-85: Only 12 columns allowed in this table (row 9 has 6)
checkRd: (-1) predefined.Rd:66-85: Only 12 columns allowed in this table (row 10 has 6)
checkRd: (-1) predefined.Rd:89-94: Only 5 columns allowed in this table (row 6 has 3)
Flavor: r-devel-linux-x86_64-debian-gcc
Version: 2.6.4
Check: package subdirectories
Result: NOTE
Found the following CITATION file in a non-standard place:
Rdpack/inst/CITATION
Most likely 'inst/CITATION' should be used instead.
Flavor: r-release-windows-x86_64