Last updated on 2025-04-16 09:53:09 CEST.
Flavor | Version | Tinstall | Tcheck | Ttotal | Status | Flags |
---|---|---|---|---|---|---|
r-devel-linux-x86_64-debian-clang | 0.1.10 | 63.08 | 403.21 | 466.29 | OK | |
r-devel-linux-x86_64-debian-gcc | 0.1.10 | 42.86 | 343.38 | 386.24 | OK | |
r-devel-linux-x86_64-fedora-clang | 0.1.10 | 724.40 | OK | |||
r-devel-linux-x86_64-fedora-gcc | 0.1.10 | 781.00 | OK | |||
r-devel-windows-x86_64 | 0.1.10 | 76.00 | 495.00 | 571.00 | OK | |
r-patched-linux-x86_64 | 0.1.10 | 57.41 | 428.54 | 485.95 | OK | |
r-release-linux-x86_64 | 0.1.10 | 60.30 | 428.03 | 488.33 | OK | |
r-release-macos-arm64 | 0.1.10 | 477.00 | OK | |||
r-release-macos-x86_64 | 0.1.10 | 763.00 | OK | |||
r-release-windows-x86_64 | 0.1.10 | 78.00 | 536.00 | 614.00 | OK | |
r-oldrel-macos-arm64 | 0.1.10 | 417.00 | NOTE | |||
r-oldrel-macos-x86_64 | 0.1.10 | 597.00 | NOTE | |||
r-oldrel-windows-x86_64 | 0.1.10 | 89.00 | 606.00 | 695.00 | OK |
Version: 0.1.10
Check: installed package size
Result: NOTE
installed size is 7.7Mb
sub-directories of 1Mb or more:
extdata 2.6Mb
libs 5.0Mb
Flavors: r-oldrel-macos-arm64, r-oldrel-macos-x86_64