Last updated on 2025-02-22 09:51:14 CET.
Flavor | Version | Tinstall | Tcheck | Ttotal | Status | Flags |
---|---|---|---|---|---|---|
r-devel-linux-x86_64-debian-clang | 1.2.7 | 4.96 | 43.88 | 48.84 | OK | |
r-devel-linux-x86_64-debian-gcc | 1.2.7 | 2.67 | 30.37 | 33.04 | OK | |
r-devel-linux-x86_64-fedora-clang | 1.2.7 | 74.23 | OK | |||
r-devel-linux-x86_64-fedora-gcc | 1.2.7 | 85.46 | OK | |||
r-devel-macos-arm64 | 1.2.7 | 169.00 | OK | |||
r-devel-macos-x86_64 | 1.2.7 | 196.00 | OK | |||
r-devel-windows-x86_64 | 1.2.7 | 6.00 | 184.00 | 190.00 | OK | |
r-patched-linux-x86_64 | 1.2.7 | 4.63 | 40.83 | 45.46 | OK | |
r-release-linux-x86_64 | 1.2.7 | 4.11 | 41.50 | 45.61 | OK | |
r-release-macos-arm64 | 1.2.7 | 174.00 | OK | |||
r-release-macos-x86_64 | 1.2.7 | 212.00 | OK | |||
r-release-windows-x86_64 | 1.2.7 | 7.00 | 188.00 | 195.00 | OK | |
r-oldrel-macos-arm64 | 1.2.7 | 301.00 | OK | |||
r-oldrel-macos-x86_64 | 1.2.7 | 300.00 | OK | |||
r-oldrel-windows-x86_64 | 1.2.7 | 7.00 | 180.00 | 187.00 | ERROR |
Version: 1.2.7
Check: re-building of vignette outputs
Result: ERROR
Error(s) in re-building vignettes:
--- re-building 'wiki_utils.Rmd' using rmarkdown
INFO: The number of entities (337) exceeds chunksize (50).
INFO: Requesting elements from 1 to 50
INFO: Requesting elements from 51 to 100
INFO: Requesting elements from 101 to 150
INFO: Requesting elements from 151 to 200
INFO: Requesting elements from 201 to 250
INFO: Requesting elements from 251 to 300
INFO: Requesting elements from 301 to 337
INFO: Searching labels, latitude and longitude coordinates, and countries for places.
INFO: Searching labels for Wikidata entities.
INFO: Getting the number of views of 'Miguel de Cervantes' page.
INFO: Getting the number of views of 'Miguel de Cerbantes' page.
INFO: Getting the number of views of 'Miguel de Cervantes y Saavedra' page.
INFO: Getting the number of views of 'Miguel De Cervantes y Saavedra' page.
INFO: Getting the number of views of 'El manco de Lepanto' page.
INFO: Getting the number of views of 'Miguel de cervantes' page.
INFO: Getting the number of views of 'Manco de Lepanto' page.
INFO: Getting the number of views of 'Don Miguel de Cervantes' page.
INFO: Getting the number of views of 'Cervantino' page.
INFO: Getting the number of views of 'Cervantina' page.
INFO: Getting the number of views of 'Miguel de Cervantes Saavedra' page.
INFO: Getting the number of views of 'Cervantes Saavedra, Miguel de' page.
INFO: Getting the number of views of 'Miguel de Cervantes y Cortinas' page.
INFO: Getting the number of views of 'Cervantesco' page.
INFO: Getting the number of views of 'Cervántico' page.
INFO: Getting the number of views of 'Cervantes' page.
INFO: Getting information of the 'Miguel de Cervantes' page.
INFO: Getting information of the 'Miguel de Cervantes' page.
INFO: Adding the number of links_in_count of the 'Miguel de Cerbantes' page.
INFO: Adding the number of links_in_count of the 'Miguel de Cervantes y Saavedra' page.
INFO: Adding the number of links_in_count of the 'Miguel De Cervantes y Saavedra' page.
INFO: Adding the number of links_in_count of the 'El manco de Lepanto' page.
INFO: Adding the number of links_in_count of the 'Miguel de cervantes' page.
INFO: Adding the number of links_in_count of the 'Manco de Lepanto' page.
INFO: Adding the number of links_in_count of the 'Don Miguel de Cervantes' page.
INFO: Adding the number of links_in_count of the 'Cervantino' page.
INFO: Adding the number of links_in_count of the 'Cervantina' page.
INFO: Adding the number of links_in_count of the 'Miguel de Cervantes Saavedra' page.
INFO: Adding the number of links_in_count of the 'Cervantes Saavedra, Miguel de' page.
INFO: Adding the number of links_in_count of the 'Miguel de Cervantes y Cortinas' page.
INFO: Adding the number of links_in_count of the 'Cervantesco' page.
INFO: Adding the number of links_in_count of the 'Cervántico' page.
INFO: Adding the number of links_in_count of the 'Cervantes' page.
INFO: Getting information of the 'Miguel de Cervantes' page.
INFO: Getting information of the 'Miguel de Cervantes' page.
INFO: Getting information of the 'Miguel de Cervantes' page.
INFO: Adding the number of links_in_count of the 'Miguel de Cerbantes' page.
INFO: Adding the number of links_in_count of the 'Miguel de Cervantes y Saavedra' page.
INFO: Adding the number of links_in_count of the 'Miguel De Cervantes y Saavedra' page.
INFO: Adding the number of links_in_count of the 'El manco de Lepanto' page.
INFO: Adding the number of links_in_count of the 'Miguel de cervantes' page.
INFO: Adding the number of links_in_count of the 'Manco de Lepanto' page.
INFO: Adding the number of links_in_count of the 'Don Miguel de Cervantes' page.
INFO: Adding the number of links_in_count of the 'Cervantino' page.
INFO: Adding the number of links_in_count of the 'Cervantina' page.
INFO: Adding the number of links_in_count of the 'Miguel de Cervantes Saavedra' page.
INFO: Adding the number of links_in_count of the 'Cervantes Saavedra, Miguel de' page.
INFO: Adding the number of links_in_count of the 'Miguel de Cervantes y Cortinas' page.
INFO: Adding the number of links_in_count of the 'Cervantesco' page.
Quitting from lines 301-304 [unnamed-chunk-23] (wiki_utils.Rmd)
Error: processing vignette 'wiki_utils.Rmd' failed with diagnostics:
replacement has length zero
--- failed re-building 'wiki_utils.Rmd'
SUMMARY: processing the following file failed:
'wiki_utils.Rmd'
Error: Vignette re-building failed.
Execution halted
Flavor: r-oldrel-windows-x86_64