Last updated on 2025-02-22 09:51:14 CET.
Flavor | Version | Tinstall | Tcheck | Ttotal | Status | Flags |
---|---|---|---|---|---|---|
r-devel-linux-x86_64-debian-clang | 0.1.3-2 | 1.62 | 25.03 | 26.65 | OK | |
r-devel-linux-x86_64-debian-gcc | 0.1.3-2 | 1.37 | 18.78 | 20.15 | OK | |
r-devel-linux-x86_64-fedora-clang | 0.1.3-2 | 46.37 | OK | |||
r-devel-linux-x86_64-fedora-gcc | 0.1.3-2 | 41.78 | OK | |||
r-devel-macos-arm64 | 0.1.3-2 | 20.00 | OK | |||
r-devel-macos-x86_64 | 0.1.3-2 | 31.00 | OK | |||
r-devel-windows-x86_64 | 0.1.3-2 | 4.00 | 47.00 | 51.00 | OK | |
r-patched-linux-x86_64 | 0.1.3-2 | 2.53 | 23.39 | 25.92 | OK | |
r-release-linux-x86_64 | 0.1.3-2 | 2.32 | 23.38 | 25.70 | OK | |
r-release-macos-arm64 | 0.1.3-2 | 17.00 | OK | |||
r-release-macos-x86_64 | 0.1.3-2 | 25.00 | OK | |||
r-release-windows-x86_64 | 0.1.3-2 | 4.00 | 47.00 | 51.00 | OK | |
r-oldrel-macos-arm64 | 0.1.3-2 | 18.00 | OK | |||
r-oldrel-macos-x86_64 | 0.1.3-2 | 24.00 | NOTE | |||
r-oldrel-windows-x86_64 | 0.1.3-2 | 4.00 | 50.00 | 54.00 | OK |
Version: 0.1.3-2
Check: package dependencies
Result: NOTE
Package suggested but not available for checking: ‘ggtern’
Flavor: r-oldrel-macos-x86_64