Last updated on 2025-02-22 09:51:11 CET.
Flavor | Version | Tinstall | Tcheck | Ttotal | Status | Flags |
---|---|---|---|---|---|---|
r-devel-linux-x86_64-debian-clang | 0.1.4 | 5.01 | 42.95 | 47.96 | OK | |
r-devel-linux-x86_64-debian-gcc | 0.1.4 | 3.82 | 31.23 | 35.05 | OK | |
r-devel-linux-x86_64-fedora-clang | 0.1.4 | 79.29 | NOTE | |||
r-devel-linux-x86_64-fedora-gcc | 0.1.4 | 72.25 | NOTE | |||
r-devel-macos-arm64 | 0.1.4 | 26.00 | OK | |||
r-devel-macos-x86_64 | 0.1.4 | 47.00 | OK | |||
r-devel-windows-x86_64 | 0.1.4 | 8.00 | 64.00 | 72.00 | OK | |
r-patched-linux-x86_64 | 0.1.4 | 4.70 | 38.88 | 43.58 | OK | |
r-release-linux-x86_64 | 0.1.4 | 4.77 | 39.36 | 44.13 | OK | |
r-release-macos-arm64 | 0.1.4 | 27.00 | OK | |||
r-release-macos-x86_64 | 0.1.4 | 36.00 | OK | |||
r-release-windows-x86_64 | 0.1.4 | 9.00 | 56.00 | 65.00 | OK | |
r-oldrel-macos-arm64 | 0.1.4 | 24.00 | OK | |||
r-oldrel-macos-x86_64 | 0.1.4 | 37.00 | OK | |||
r-oldrel-windows-x86_64 | 0.1.4 | 9.00 | 65.00 | 74.00 | OK |
Version: 0.1.4
Check: dependencies in R code
Result: NOTE
Namespace in Imports field not imported from: ‘tibble’
All declared Imports should be used.
Flavors: r-devel-linux-x86_64-fedora-clang, r-devel-linux-x86_64-fedora-gcc