Last updated on 2025-02-22 09:51:11 CET.
Flavor | Version | Tinstall | Tcheck | Ttotal | Status | Flags |
---|---|---|---|---|---|---|
r-devel-linux-x86_64-debian-clang | 1.0.7 | 13.65 | 380.75 | 394.40 | OK | |
r-devel-linux-x86_64-debian-gcc | 1.0.7 | 10.18 | 272.76 | 282.94 | OK | |
r-devel-linux-x86_64-fedora-clang | 1.0.7 | 672.32 | OK | |||
r-devel-linux-x86_64-fedora-gcc | 1.0.7 | 679.84 | OK | |||
r-devel-macos-arm64 | 1.0.7 | 202.00 | OK | |||
r-devel-macos-x86_64 | 1.0.7 | 394.00 | OK | |||
r-devel-windows-x86_64 | 1.0.7 | 17.00 | 397.00 | 414.00 | OK | |
r-patched-linux-x86_64 | 1.0.7 | 14.49 | 385.73 | 400.22 | NOTE | |
r-release-linux-x86_64 | 1.0.7 | 13.30 | 387.36 | 400.66 | NOTE | |
r-release-macos-arm64 | 1.0.7 | 153.00 | NOTE | |||
r-release-macos-x86_64 | 1.0.7 | 237.00 | NOTE | |||
r-release-windows-x86_64 | 1.0.7 | 17.00 | 374.00 | 391.00 | NOTE | |
r-oldrel-macos-arm64 | 1.0.7 | 168.00 | NOTE | |||
r-oldrel-macos-x86_64 | 1.0.7 | 273.00 | NOTE | |||
r-oldrel-windows-x86_64 | 1.0.7 | 22.00 | 490.00 | 512.00 | NOTE |
Version: 1.0.7
Check: package dependencies
Result: NOTE
Package suggested but not available for checking: ‘asreml’
Flavors: r-patched-linux-x86_64, r-release-linux-x86_64, r-release-macos-arm64, r-release-macos-x86_64, r-release-windows-x86_64, r-oldrel-macos-arm64, r-oldrel-macos-x86_64, r-oldrel-windows-x86_64
Version: 1.0.7
Check: installed package size
Result: NOTE
installed size is 5.0Mb
sub-directories of 1Mb or more:
data 3.5Mb
Flavor: r-release-macos-arm64