CRAN Package Check Results for Package ssev

Last updated on 2025-02-22 09:51:11 CET.

Flavor Version Tinstall Tcheck Ttotal Status Flags
r-devel-linux-x86_64-debian-clang 0.1.0 2.07 22.35 24.42 OK
r-devel-linux-x86_64-debian-gcc 0.1.0 1.60 17.35 18.95 OK
r-devel-linux-x86_64-fedora-clang 0.1.0 38.71 OK
r-devel-linux-x86_64-fedora-gcc 0.1.0 37.48 OK
r-devel-macos-arm64 0.1.0 14.00 OK
r-devel-macos-x86_64 0.1.0 25.00 OK
r-devel-windows-x86_64 0.1.0 4.00 44.00 48.00 OK
r-patched-linux-x86_64 0.1.0 2.12 21.46 23.58 NOTE
r-release-linux-x86_64 0.1.0 1.99 21.18 23.17 NOTE
r-release-macos-arm64 0.1.0 15.00 NOTE
r-release-macos-x86_64 0.1.0 24.00 NOTE
r-release-windows-x86_64 0.1.0 4.00 44.00 48.00 NOTE
r-oldrel-macos-arm64 0.1.0 19.00 NOTE
r-oldrel-macos-x86_64 0.1.0 22.00 NOTE
r-oldrel-windows-x86_64 0.1.0 5.00 48.00 53.00 NOTE

Check Details

Version: 0.1.0
Check: LazyData
Result: NOTE 'LazyData' is specified without a 'data' directory Flavors: r-patched-linux-x86_64, r-release-linux-x86_64, r-release-macos-arm64, r-release-macos-x86_64, r-release-windows-x86_64, r-oldrel-macos-arm64, r-oldrel-macos-x86_64, r-oldrel-windows-x86_64