Last updated on 2025-02-22 09:51:11 CET.
Flavor | Version | Tinstall | Tcheck | Ttotal | Status | Flags |
---|---|---|---|---|---|---|
r-devel-linux-x86_64-debian-clang | 1.0-4 | 8.55 | 43.98 | 52.53 | NOTE | |
r-devel-linux-x86_64-debian-gcc | 1.0-4 | 5.89 | 32.95 | 38.84 | NOTE | |
r-devel-linux-x86_64-fedora-clang | 1.0-4 | 81.68 | NOTE | |||
r-devel-linux-x86_64-fedora-gcc | 1.0-4 | 76.37 | NOTE | |||
r-devel-macos-arm64 | 1.0-4 | 31.00 | NOTE | |||
r-devel-macos-x86_64 | 1.0-4 | 61.00 | NOTE | |||
r-devel-windows-x86_64 | 1.0-4 | 7.00 | 85.00 | 92.00 | NOTE | |
r-patched-linux-x86_64 | 1.0-4 | 8.89 | 41.17 | 50.06 | NOTE | |
r-release-linux-x86_64 | 1.0-4 | 6.91 | 41.84 | 48.75 | NOTE | |
r-release-macos-arm64 | 1.0-4 | 34.00 | NOTE | |||
r-release-macos-x86_64 | 1.0-4 | 59.00 | NOTE | |||
r-release-windows-x86_64 | 1.0-4 | 7.00 | 82.00 | 89.00 | NOTE | |
r-oldrel-macos-arm64 | 1.0-4 | 41.00 | OK | |||
r-oldrel-macos-x86_64 | 1.0-4 | 79.00 | OK | |||
r-oldrel-windows-x86_64 | 1.0-4 | 7.00 | 93.00 | 100.00 | OK |
Version: 1.0-4
Check: Rd files
Result: NOTE
checkRd: (-1) cylinder.counts.Rd:61-62: Lost braces
61 | nucleotide, so that \code{a.c} represents the set {\code{aac}, \code{acc},
| ^
Flavors: r-devel-linux-x86_64-debian-clang, r-devel-linux-x86_64-debian-gcc, r-devel-linux-x86_64-fedora-clang, r-devel-linux-x86_64-fedora-gcc, r-devel-macos-arm64, r-devel-macos-x86_64, r-devel-windows-x86_64, r-patched-linux-x86_64, r-release-linux-x86_64, r-release-macos-arm64, r-release-macos-x86_64, r-release-windows-x86_64