Last updated on 2025-02-22 09:51:10 CET.
Flavor | Version | Tinstall | Tcheck | Ttotal | Status | Flags |
---|---|---|---|---|---|---|
r-devel-linux-x86_64-debian-clang | 2.0.1 | 11.95 | 101.68 | 113.63 | NOTE | |
r-devel-linux-x86_64-debian-gcc | 2.0.1 | 8.39 | 67.87 | 76.26 | NOTE | |
r-devel-linux-x86_64-fedora-clang | 2.0.1 | 181.99 | OK | |||
r-devel-linux-x86_64-fedora-gcc | 2.0.1 | 172.18 | OK | |||
r-devel-macos-arm64 | 2.0.1 | 85.00 | OK | |||
r-devel-macos-x86_64 | 2.0.1 | 129.00 | OK | |||
r-devel-windows-x86_64 | 2.0.1 | 12.00 | 159.00 | 171.00 | NOTE | |
r-patched-linux-x86_64 | 2.0.1 | 15.73 | 92.66 | 108.39 | OK | |
r-release-linux-x86_64 | 2.0.1 | 11.60 | 95.13 | 106.73 | OK | |
r-release-macos-arm64 | 2.0.1 | 86.00 | OK | |||
r-release-macos-x86_64 | 2.0.1 | 119.00 | OK | |||
r-release-windows-x86_64 | 2.0.1 | 12.00 | 157.00 | 169.00 | OK | |
r-oldrel-macos-arm64 | 2.0.1 | 92.00 | OK | |||
r-oldrel-macos-x86_64 | 2.0.1 | 175.00 | OK | |||
r-oldrel-windows-x86_64 | 2.0.1 | 11.00 | 185.00 | 196.00 | OK |
Version: 2.0.1
Check: Rd cross-references
Result: NOTE
Found the following Rd file(s) with Rd \link{} targets missing package
anchors:
msq.Rd: rstream
simEd-package.Rd: rstream
ssq.Rd: rstream
ssqvis.Rd: rstream
vbeta.Rd: rstream, rstream.sample
vbinom.Rd: rstream, rstream.sample
vcauchy.Rd: rstream, rstream.sample
vchisq.Rd: rstream, rstream.sample
vexp.Rd: rstream, rstream.sample
vfd.Rd: rstream, rstream.sample
vgamma.Rd: rstream, rstream.sample
vgeom.Rd: rstream, rstream.sample
vlnorm.Rd: rstream, rstream.sample
vlogis.Rd: rstream, rstream.sample
vnbinom.Rd: rstream, rstream.sample
vnorm.Rd: rstream, rstream.sample
vpois.Rd: rstream, rstream.sample
vt.Rd: rstream, rstream.sample
vunif.Rd: rstream, rstream.sample
vweibull.Rd: rstream, rstream.sample
Please provide package anchors for all Rd \link{} targets not in the
package itself and the base packages.
Flavors: r-devel-linux-x86_64-debian-clang, r-devel-linux-x86_64-debian-gcc, r-devel-windows-x86_64