Last updated on 2025-02-22 09:51:10 CET.
Flavor | Version | Tinstall | Tcheck | Ttotal | Status | Flags |
---|---|---|---|---|---|---|
r-devel-linux-x86_64-debian-clang | 1.0.5 | 1.45 | 17.14 | 18.59 | OK | |
r-devel-linux-x86_64-debian-gcc | 1.0.5 | 1.30 | 14.08 | 15.38 | OK | |
r-devel-linux-x86_64-fedora-clang | 1.0.5 | 32.09 | NOTE | |||
r-devel-linux-x86_64-fedora-gcc | 1.0.5 | 28.95 | NOTE | |||
r-devel-macos-arm64 | 1.0.5 | 15.00 | OK | |||
r-devel-macos-x86_64 | 1.0.5 | 23.00 | OK | |||
r-devel-windows-x86_64 | 1.0.5 | 4.00 | 45.00 | 49.00 | OK | |
r-patched-linux-x86_64 | 1.0.5 | 1.81 | 16.66 | 18.47 | NOTE | |
r-release-linux-x86_64 | 1.0.5 | 1.81 | 16.58 | 18.39 | NOTE | |
r-release-macos-arm64 | 1.0.5 | 14.00 | NOTE | |||
r-release-macos-x86_64 | 1.0.5 | 21.00 | NOTE | |||
r-release-windows-x86_64 | 1.0.5 | 4.00 | 39.00 | 43.00 | NOTE | |
r-oldrel-macos-arm64 | 1.0.5 | 16.00 | NOTE | |||
r-oldrel-macos-x86_64 | 1.0.5 | 20.00 | NOTE | |||
r-oldrel-windows-x86_64 | 1.0.5 | 4.00 | 43.00 | 47.00 | NOTE |
Version: 1.0.5
Check: dependencies in R code
Result: NOTE
Namespaces in Imports field not imported from:
‘KGode’ ‘XML’ ‘ggplot2’ ‘gridExtra’ ‘mvtnorm’ ‘reshape2’ ‘shinyjs’
All declared Imports should be used.
Flavors: r-devel-linux-x86_64-fedora-clang, r-devel-linux-x86_64-fedora-gcc
Version: 1.0.5
Check: LazyData
Result: NOTE
'LazyData' is specified without a 'data' directory
Flavors: r-patched-linux-x86_64, r-release-linux-x86_64, r-release-macos-arm64, r-release-macos-x86_64, r-release-windows-x86_64, r-oldrel-macos-arm64, r-oldrel-macos-x86_64, r-oldrel-windows-x86_64