Last updated on 2025-02-22 09:51:08 CET.
Flavor | Version | Tinstall | Tcheck | Ttotal | Status | Flags |
---|---|---|---|---|---|---|
r-devel-linux-x86_64-debian-clang | 1.0.0 | 35.55 | 163.83 | 199.38 | NOTE | |
r-devel-linux-x86_64-debian-gcc | 1.0.0 | 24.24 | 104.46 | 128.70 | NOTE | |
r-devel-linux-x86_64-fedora-clang | 1.0.0 | 323.98 | NOTE | |||
r-devel-linux-x86_64-fedora-gcc | 1.0.0 | 320.35 | NOTE | |||
r-devel-macos-arm64 | 1.0.0 | 92.00 | NOTE | |||
r-devel-macos-x86_64 | 1.0.0 | 167.00 | NOTE | |||
r-devel-windows-x86_64 | 1.0.0 | 38.00 | 171.00 | 209.00 | OK | |
r-patched-linux-x86_64 | 1.0.0 | 32.80 | 154.86 | 187.66 | NOTE | |
r-release-linux-x86_64 | 1.0.0 | 31.57 | 155.00 | 186.57 | NOTE | |
r-release-macos-arm64 | 1.0.0 | 83.00 | NOTE | |||
r-release-macos-x86_64 | 1.0.0 | 119.00 | NOTE | |||
r-release-windows-x86_64 | 1.0.0 | 39.00 | 171.00 | 210.00 | OK | |
r-oldrel-macos-arm64 | 1.0.0 | 99.00 | NOTE | |||
r-oldrel-macos-x86_64 | 1.0.0 | 149.00 | NOTE | |||
r-oldrel-windows-x86_64 | 1.0.0 | 51.00 | 231.00 | 282.00 | OK |
Version: 1.0.0
Check: C++ specification
Result: NOTE
Specified C++11: please drop specification unless essential
Flavors: r-devel-linux-x86_64-debian-clang, r-devel-linux-x86_64-debian-gcc, r-devel-linux-x86_64-fedora-clang, r-devel-linux-x86_64-fedora-gcc, r-devel-macos-arm64, r-devel-macos-x86_64, r-patched-linux-x86_64, r-release-linux-x86_64, r-release-macos-arm64, r-release-macos-x86_64, r-oldrel-macos-arm64, r-oldrel-macos-x86_64