Last updated on 2025-02-21 09:50:57 CET.
Flavor | Version | Tinstall | Tcheck | Ttotal | Status | Flags |
---|---|---|---|---|---|---|
r-devel-linux-x86_64-debian-clang | 0.4.16 | 6.11 | 73.76 | 79.87 | NOTE | |
r-devel-linux-x86_64-debian-gcc | 0.4.16 | 4.49 | 52.22 | 56.71 | NOTE | |
r-devel-linux-x86_64-fedora-clang | 0.4.16 | 124.13 | NOTE | |||
r-devel-linux-x86_64-fedora-gcc | 0.4.16 | 132.22 | NOTE | |||
r-devel-macos-arm64 | 0.4.16 | 54.00 | OK | |||
r-devel-macos-x86_64 | 0.4.16 | 86.00 | NOTE | |||
r-devel-windows-x86_64 | 0.4.16 | 8.00 | 104.00 | 112.00 | NOTE | |
r-patched-linux-x86_64 | 0.4.16 | 5.35 | 70.30 | 75.65 | OK | |
r-release-linux-x86_64 | 0.4.16 | 5.59 | 68.33 | 73.92 | OK | |
r-release-macos-arm64 | 0.4.16 | 56.00 | OK | |||
r-release-macos-x86_64 | 0.4.16 | 116.00 | OK | |||
r-release-windows-x86_64 | 0.4.16 | 8.00 | 99.00 | 107.00 | OK | |
r-oldrel-macos-arm64 | 0.4.16 | 65.00 | OK | |||
r-oldrel-macos-x86_64 | 0.4.16 | 139.00 | OK | |||
r-oldrel-windows-x86_64 | 0.4.16 | 10.00 | 132.00 | 142.00 | OK |
Version: 0.4.16
Check: DESCRIPTION meta-information
Result: NOTE
Missing dependency on R >= 4.1.0 because package code uses the pipe
|> or function shorthand \(...) syntax added in R 4.1.0.
File(s) using such syntax:
‘download_data_cube.r’
Flavors: r-devel-linux-x86_64-debian-clang, r-devel-linux-x86_64-debian-gcc, r-devel-linux-x86_64-fedora-clang, r-devel-linux-x86_64-fedora-gcc, r-devel-macos-x86_64, r-devel-windows-x86_64