CRAN Package Check Results for Package r2fireworks

Last updated on 2025-02-22 09:51:06 CET.

Flavor Version Tinstall Tcheck Ttotal Status Flags
r-devel-linux-x86_64-debian-clang 0.1.0 1.86 20.48 22.34 OK
r-devel-linux-x86_64-debian-gcc 0.1.0 1.32 16.50 17.82 OK
r-devel-linux-x86_64-fedora-clang 0.1.0 35.93 NOTE
r-devel-linux-x86_64-fedora-gcc 0.1.0 48.41 NOTE
r-devel-macos-arm64 0.1.0 26.00 OK
r-devel-macos-x86_64 0.1.0 43.00 OK
r-devel-windows-x86_64 0.1.0 3.00 44.00 47.00 OK
r-patched-linux-x86_64 0.1.0 1.83 19.64 21.47 OK
r-release-linux-x86_64 0.1.0 1.48 19.71 21.19 OK
r-release-macos-arm64 0.1.0 25.00 OK
r-release-macos-x86_64 0.1.0 35.00 OK
r-release-windows-x86_64 0.1.0 3.00 46.00 49.00 OK
r-oldrel-macos-arm64 0.1.0 28.00 OK
r-oldrel-macos-x86_64 0.1.0 37.00 OK
r-oldrel-windows-x86_64 0.1.0 3.00 45.00 48.00 OK

Check Details

Version: 0.1.0
Check: dependencies in R code
Result: NOTE Namespaces in Imports field not imported from: ‘shiny’ ‘utils’ All declared Imports should be used. Flavors: r-devel-linux-x86_64-fedora-clang, r-devel-linux-x86_64-fedora-gcc