Last updated on 2025-02-22 09:51:04 CET.
Flavor | Version | Tinstall | Tcheck | Ttotal | Status | Flags |
---|---|---|---|---|---|---|
r-devel-linux-x86_64-debian-clang | 0.1-34 | 43.58 | 64.30 | 107.88 | NOTE | |
r-devel-linux-x86_64-debian-gcc | 0.1-34 | 33.80 | 46.79 | 80.59 | NOTE | |
r-devel-linux-x86_64-fedora-clang | 0.1-34 | 165.04 | NOTE | |||
r-devel-linux-x86_64-fedora-gcc | 0.1-34 | 185.48 | NOTE | |||
r-devel-macos-arm64 | 0.1-34 | 56.00 | NOTE | |||
r-devel-macos-x86_64 | 0.1-34 | 99.00 | NOTE | |||
r-devel-windows-x86_64 | 0.1-34 | 69.00 | 123.00 | 192.00 | NOTE | |
r-patched-linux-x86_64 | 0.1-34 | 44.18 | 60.76 | 104.94 | NOTE | |
r-release-linux-x86_64 | 0.1-34 | 42.98 | 60.29 | 103.27 | NOTE | |
r-release-macos-arm64 | 0.1-34 | 55.00 | NOTE | |||
r-release-macos-x86_64 | 0.1-34 | 81.00 | NOTE | |||
r-release-windows-x86_64 | 0.1-34 | 68.00 | 117.00 | 185.00 | NOTE | |
r-oldrel-macos-arm64 | 0.1-34 | 87.00 | OK | |||
r-oldrel-macos-x86_64 | 0.1-34 | 99.00 | OK | |||
r-oldrel-windows-x86_64 | 0.1-34 | 73.00 | 128.00 | 201.00 | OK |
Version: 0.1-34
Check: Rd files
Result: NOTE
checkRd: (-1) 11_d.init.method.Rd:22-23: Lost braces in \itemize; meant \describe ?
checkRd: (-1) 11_d.init.method.Rd:24-25: Lost braces in \itemize; meant \describe ?
checkRd: (-1) 11_d.init.method.Rd:26-27: Lost braces in \itemize; meant \describe ?
checkRd: (-1) 11_d.init.method.Rd:28-29: Lost braces in \itemize; meant \describe ?
checkRd: (-1) 11_d.init.method.Rd:30-31: Lost braces in \itemize; meant \describe ?
checkRd: (-1) 11_d.init.method.Rd:32: Lost braces in \itemize; meant \describe ?
checkRd: (-1) 11_d.init.procedure.Rd:21-23: Lost braces in \itemize; meant \describe ?
checkRd: (-1) 11_d.init.procedure.Rd:24-26: Lost braces in \itemize; meant \describe ?
checkRd: (-1) 11_d.init.procedure.Rd:27-30: Lost braces in \itemize; meant \describe ?
checkRd: (-1) 11_d.init.procedure.Rd:31-35: Lost braces in \itemize; meant \describe ?
checkRd: (-1) as.star.tree.Rd:26: Lost braces in \itemize; meant \describe ?
checkRd: (-1) as.star.tree.Rd:27: Lost braces in \itemize; meant \describe ?
checkRd: (-1) as.star.tree.Rd:28: Lost braces in \itemize; meant \describe ?
checkRd: (-1) as.star.tree.Rd:29: Lost braces in \itemize; meant \describe ?
Flavors: r-devel-linux-x86_64-debian-clang, r-devel-linux-x86_64-debian-gcc, r-devel-linux-x86_64-fedora-clang, r-devel-linux-x86_64-fedora-gcc, r-devel-macos-arm64, r-devel-macos-x86_64, r-devel-windows-x86_64, r-patched-linux-x86_64, r-release-linux-x86_64, r-release-macos-arm64, r-release-macos-x86_64, r-release-windows-x86_64