Last updated on 2025-02-22 09:51:03 CET.
Flavor | Version | Tinstall | Tcheck | Ttotal | Status | Flags |
---|---|---|---|---|---|---|
r-devel-linux-x86_64-debian-clang | 0.2.5 | 11.93 | 84.38 | 96.31 | NOTE | |
r-devel-linux-x86_64-debian-gcc | 0.2.5 | 7.76 | 58.47 | 66.23 | NOTE | |
r-devel-linux-x86_64-fedora-clang | 0.2.5 | 152.26 | NOTE | |||
r-devel-linux-x86_64-fedora-gcc | 0.2.5 | 151.50 | NOTE | |||
r-devel-macos-arm64 | 0.2.5 | 40.00 | NOTE | |||
r-devel-macos-x86_64 | 0.2.5 | 78.00 | NOTE | |||
r-devel-windows-x86_64 | 0.2.5 | 13.00 | 90.00 | 103.00 | NOTE | |
r-patched-linux-x86_64 | 0.2.5 | 10.27 | 77.94 | 88.21 | NOTE | |
r-release-linux-x86_64 | 0.2.5 | 11.39 | 76.87 | 88.26 | NOTE | |
r-release-macos-arm64 | 0.2.5 | 40.00 | NOTE | |||
r-release-macos-x86_64 | 0.2.5 | 64.00 | NOTE | |||
r-release-windows-x86_64 | 0.2.5 | 12.00 | 90.00 | 102.00 | NOTE | |
r-oldrel-macos-arm64 | 0.2.5 | 45.00 | NOTE | |||
r-oldrel-macos-x86_64 | 0.2.5 | 74.00 | NOTE | |||
r-oldrel-windows-x86_64 | 0.2.5 | 16.00 | 106.00 | 122.00 | NOTE |
Version: 0.2.5
Check: package subdirectories
Result: NOTE
Problems with news in ‘NEWS.md’:
No news entries found.
Flavors: r-devel-linux-x86_64-debian-clang, r-devel-linux-x86_64-debian-gcc, r-devel-linux-x86_64-fedora-clang, r-devel-linux-x86_64-fedora-gcc, r-devel-macos-arm64, r-devel-macos-x86_64, r-devel-windows-x86_64, r-patched-linux-x86_64, r-release-linux-x86_64, r-release-macos-arm64, r-release-macos-x86_64, r-release-windows-x86_64, r-oldrel-macos-arm64, r-oldrel-macos-x86_64, r-oldrel-windows-x86_64
Version: 0.2.5
Check: LazyData
Result: NOTE
'LazyData' is specified without a 'data' directory
Flavors: r-patched-linux-x86_64, r-release-linux-x86_64, r-release-macos-arm64, r-release-macos-x86_64, r-release-windows-x86_64, r-oldrel-macos-arm64, r-oldrel-macos-x86_64, r-oldrel-windows-x86_64