Last updated on 2025-02-21 09:50:53 CET.
Flavor | Version | Tinstall | Tcheck | Ttotal | Status | Flags |
---|---|---|---|---|---|---|
r-devel-linux-x86_64-debian-clang | 0.0.6 | 31.26 | 150.10 | 181.36 | OK | |
r-devel-linux-x86_64-debian-gcc | 0.0.6 | 21.61 | 107.34 | 128.95 | OK | |
r-devel-linux-x86_64-fedora-clang | 0.0.6 | 301.07 | NOTE | |||
r-devel-linux-x86_64-fedora-gcc | 0.0.6 | 293.49 | NOTE | |||
r-devel-macos-arm64 | 0.0.6 | 86.00 | OK | |||
r-devel-macos-x86_64 | 0.0.6 | 272.00 | OK | |||
r-devel-windows-x86_64 | 0.0.6 | 37.00 | 194.00 | 231.00 | OK | |
r-patched-linux-x86_64 | 0.0.6 | 30.18 | 137.97 | 168.15 | OK | |
r-release-linux-x86_64 | 0.0.6 | 32.17 | 138.76 | 170.93 | OK | |
r-release-macos-arm64 | 0.0.6 | 85.00 | OK | |||
r-release-macos-x86_64 | 0.0.6 | 248.00 | OK | |||
r-release-windows-x86_64 | 0.0.6 | 36.00 | 196.00 | 232.00 | OK | |
r-oldrel-macos-arm64 | 0.0.6 | 88.00 | OK | |||
r-oldrel-macos-x86_64 | 0.0.6 | 151.00 | OK | |||
r-oldrel-windows-x86_64 | 0.0.6 | 47.00 | 233.00 | 280.00 | OK |
Version: 0.0.6
Check: compiled code
Result: NOTE
File ‘neuroim/libs/neuroim.so’:
Found no calls to: ‘R_registerRoutines’, ‘R_useDynamicSymbols’
It is good practice to register native routines and to disable symbol
search.
See ‘Writing portable packages’ in the ‘Writing R Extensions’ manual.
Flavors: r-devel-linux-x86_64-fedora-clang, r-devel-linux-x86_64-fedora-gcc