Last updated on 2025-02-22 09:51:01 CET.
Flavor | Version | Tinstall | Tcheck | Ttotal | Status | Flags |
---|---|---|---|---|---|---|
r-devel-linux-x86_64-debian-clang | 1.1.0 | 16.28 | 85.13 | 101.41 | NOTE | |
r-devel-linux-x86_64-debian-gcc | 1.1.0 | 11.16 | 54.43 | 65.59 | NOTE | |
r-devel-linux-x86_64-fedora-clang | 1.1.0 | 157.17 | OK | |||
r-devel-linux-x86_64-fedora-gcc | 1.1.0 | 164.88 | OK | |||
r-devel-macos-arm64 | 1.1.0 | 54.00 | OK | |||
r-devel-macos-x86_64 | 1.1.0 | 143.00 | OK | |||
r-devel-windows-x86_64 | 1.1.0 | 22.00 | 117.00 | 139.00 | NOTE | |
r-patched-linux-x86_64 | 1.1.0 | 21.05 | 72.37 | 93.42 | OK | |
r-release-linux-x86_64 | 1.1.0 | 15.15 | 76.02 | 91.17 | OK | |
r-release-macos-arm64 | 1.1.0 | 52.00 | OK | |||
r-release-macos-x86_64 | 1.1.0 | 130.00 | OK | |||
r-release-windows-x86_64 | 1.1.0 | 22.00 | 114.00 | 136.00 | OK | |
r-oldrel-macos-arm64 | 1.1.0 | 52.00 | OK | |||
r-oldrel-macos-x86_64 | 1.1.0 | 95.00 | OK | |||
r-oldrel-windows-x86_64 | 1.1.0 | 27.00 | 139.00 | 166.00 | OK |
Version: 1.1.0
Check: Rd cross-references
Result: NOTE
Found the following Rd file(s) with Rd \link{} targets missing package
anchors:
textable.Rd: xtable
Please provide package anchors for all Rd \link{} targets not in the
package itself and the base packages.
Flavors: r-devel-linux-x86_64-debian-clang, r-devel-linux-x86_64-debian-gcc, r-devel-windows-x86_64