Last updated on 2025-02-22 09:50:58 CET.
Flavor | Version | Tinstall | Tcheck | Ttotal | Status | Flags |
---|---|---|---|---|---|---|
r-devel-linux-x86_64-debian-clang | 1.26.0 | 18.93 | 110.55 | 129.48 | NOTE | |
r-devel-linux-x86_64-debian-gcc | 1.26.0 | 10.59 | 73.68 | 84.27 | NOTE | |
r-devel-linux-x86_64-fedora-clang | 1.26.0 | 200.40 | OK | |||
r-devel-linux-x86_64-fedora-gcc | 1.26.0 | 193.86 | OK | |||
r-devel-macos-arm64 | 1.26.0 | 53.00 | OK | |||
r-devel-macos-x86_64 | 1.26.0 | 113.00 | OK | |||
r-devel-windows-x86_64 | 1.26.0 | 18.00 | 120.00 | 138.00 | NOTE | |
r-patched-linux-x86_64 | 1.26.0 | 19.88 | 101.41 | 121.29 | OK | |
r-release-linux-x86_64 | 1.26.0 | 14.47 | 100.52 | 114.99 | OK | |
r-release-macos-arm64 | 1.26.0 | 54.00 | OK | |||
r-release-macos-x86_64 | 1.26.0 | 85.00 | OK | |||
r-release-windows-x86_64 | 1.26.0 | 17.00 | 119.00 | 136.00 | OK | |
r-oldrel-macos-arm64 | 1.26.0 | 62.00 | OK | |||
r-oldrel-macos-x86_64 | 1.26.0 | 112.00 | OK | |||
r-oldrel-windows-x86_64 | 1.26.0 | 24.00 | 144.00 | 168.00 | OK |
Version: 1.26.0
Check: Rd cross-references
Result: NOTE
Found the following Rd file(s) with Rd \link{} targets missing package
anchors:
logistf-package.Rd: mice
Please provide package anchors for all Rd \link{} targets not in the
package itself and the base packages.
Flavors: r-devel-linux-x86_64-debian-clang, r-devel-linux-x86_64-debian-gcc, r-devel-windows-x86_64