Last updated on 2025-02-22 09:50:58 CET.
Flavor | Version | Tinstall | Tcheck | Ttotal | Status | Flags |
---|---|---|---|---|---|---|
r-devel-linux-x86_64-debian-clang | 1.0-14 | 30.97 | 51.79 | 82.76 | NOTE | |
r-devel-linux-x86_64-debian-gcc | 1.0-14 | 21.28 | 36.96 | 58.24 | NOTE | |
r-devel-linux-x86_64-fedora-clang | 1.0-14 | 149.94 | OK | |||
r-devel-linux-x86_64-fedora-gcc | 1.0-14 | 150.15 | OK | |||
r-devel-macos-arm64 | 1.0-14 | 44.00 | OK | |||
r-devel-macos-x86_64 | 1.0-14 | 68.00 | OK | |||
r-devel-windows-x86_64 | 1.0-14 | 34.00 | 94.00 | 128.00 | NOTE | |
r-patched-linux-x86_64 | 1.0-14 | 36.02 | 48.02 | 84.04 | OK | |
r-release-linux-x86_64 | 1.0-14 | 32.35 | 48.23 | 80.58 | OK | |
r-release-macos-arm64 | 1.0-14 | 45.00 | OK | |||
r-release-macos-x86_64 | 1.0-14 | 57.00 | OK | |||
r-release-windows-x86_64 | 1.0-14 | 37.00 | 91.00 | 128.00 | OK | |
r-oldrel-macos-arm64 | 1.0-14 | 47.00 | OK | |||
r-oldrel-macos-x86_64 | 1.0-14 | 78.00 | OK | |||
r-oldrel-windows-x86_64 | 1.0-14 | 43.00 | 108.00 | 151.00 | OK |
Version: 1.0-14
Check: Rd cross-references
Result: NOTE
Found the following Rd file(s) with Rd \link{} targets missing package
anchors:
getLinkCommunities.Rd: igraph
getOCG.clusters.Rd: igraph
linkcomm-package.Rd: igraph, RColorBrewer
meta.communities.Rd: igraph
newLinkCommsAt.Rd: igraph
plotLinkCommGraph.Rd: igraph, igraph.plotting
plotOCGraph.Rd: igraph, igraph.plotting
read.OCG.Rd: igraph
Please provide package anchors for all Rd \link{} targets not in the
package itself and the base packages.
Flavors: r-devel-linux-x86_64-debian-clang, r-devel-linux-x86_64-debian-gcc, r-devel-windows-x86_64