CRAN Package Check Results for Package kappalab

Last updated on 2025-02-22 09:50:57 CET.

Flavor Version Tinstall Tcheck Ttotal Status Flags
r-devel-linux-x86_64-debian-clang 0.4-12 14.30 93.36 107.66 OK
r-devel-linux-x86_64-debian-gcc 0.4-12 9.71 66.07 75.78 OK
r-devel-linux-x86_64-fedora-clang 0.4-12 166.72 NOTE
r-devel-linux-x86_64-fedora-gcc 0.4-12 161.23 NOTE
r-devel-macos-arm64 0.4-12 50.00 OK
r-devel-macos-x86_64 0.4-12 166.00 OK
r-devel-windows-x86_64 0.4-12 18.00 118.00 136.00 OK
r-patched-linux-x86_64 0.4-12 15.11 88.90 104.01 OK
r-release-linux-x86_64 0.4-12 12.60 87.47 100.07 OK
r-release-macos-arm64 0.4-12 46.00 OK
r-release-macos-x86_64 0.4-12 92.00 OK
r-release-windows-x86_64 0.4-12 20.00 116.00 136.00 OK
r-oldrel-macos-arm64 0.4-12 55.00 OK
r-oldrel-macos-x86_64 0.4-12 152.00 OK
r-oldrel-windows-x86_64 0.4-12 18.00 144.00 162.00 OK

Check Details

Version: 0.4-12
Check: compiled code
Result: NOTE File ‘kappalab/libs/kappalab.so’: Found no calls to: ‘R_registerRoutines’, ‘R_useDynamicSymbols’ It is good practice to register native routines and to disable symbol search. See ‘Writing portable packages’ in the ‘Writing R Extensions’ manual. Flavors: r-devel-linux-x86_64-fedora-clang, r-devel-linux-x86_64-fedora-gcc