Last updated on 2025-02-21 09:50:47 CET.
Flavor | Version | Tinstall | Tcheck | Ttotal | Status | Flags |
---|---|---|---|---|---|---|
r-devel-linux-x86_64-debian-clang | 1.0.1 | 6.62 | 61.39 | 68.01 | OK | |
r-devel-linux-x86_64-debian-gcc | 1.0.1 | 4.22 | 42.10 | 46.32 | OK | |
r-devel-linux-x86_64-fedora-clang | 1.0.1 | 109.71 | OK | |||
r-devel-linux-x86_64-fedora-gcc | 1.0.1 | 117.15 | OK | |||
r-devel-macos-arm64 | 1.0.1 | 38.00 | OK | |||
r-devel-macos-x86_64 | 1.0.1 | 77.00 | OK | |||
r-devel-windows-x86_64 | 1.0.1 | 8.00 | 68.00 | 76.00 | OK | |
r-patched-linux-x86_64 | 1.0.1 | 5.43 | 57.32 | 62.75 | NOTE | |
r-release-linux-x86_64 | 1.0.1 | 6.09 | 55.41 | 61.50 | NOTE | |
r-release-macos-arm64 | 1.0.1 | 37.00 | NOTE | |||
r-release-macos-x86_64 | 1.0.1 | 56.00 | NOTE | |||
r-release-windows-x86_64 | 1.0.1 | 9.00 | 69.00 | 78.00 | NOTE | |
r-oldrel-macos-arm64 | 1.0.1 | 34.00 | NOTE | |||
r-oldrel-macos-x86_64 | 1.0.1 | 61.00 | NOTE | |||
r-oldrel-windows-x86_64 | 1.0.1 | 9.00 | 76.00 | 85.00 | NOTE |
Version: 1.0.1
Check: LazyData
Result: NOTE
'LazyData' is specified without a 'data' directory
Flavors: r-patched-linux-x86_64, r-release-linux-x86_64, r-release-macos-arm64, r-release-macos-x86_64, r-release-windows-x86_64, r-oldrel-macos-arm64, r-oldrel-macos-x86_64, r-oldrel-windows-x86_64