Last updated on 2025-02-22 09:50:57 CET.
Flavor | Version | Tinstall | Tcheck | Ttotal | Status | Flags |
---|---|---|---|---|---|---|
r-devel-linux-x86_64-debian-clang | 1.1-6 | 179.90 | 186.37 | 366.27 | OK | |
r-devel-linux-x86_64-debian-gcc | 1.1-6 | 111.49 | 128.96 | 240.45 | OK | |
r-devel-linux-x86_64-fedora-clang | 1.1-6 | 524.15 | OK | |||
r-devel-linux-x86_64-fedora-gcc | 1.1-6 | 590.49 | OK | |||
r-devel-macos-arm64 | 1.1-6 | 162.00 | OK | |||
r-devel-macos-x86_64 | 1.1-6 | 269.00 | OK | |||
r-devel-windows-x86_64 | 1.1-6 | 123.00 | 286.00 | 409.00 | OK | |
r-patched-linux-x86_64 | 1.1-6 | 151.66 | 188.84 | 340.50 | OK | |
r-release-linux-x86_64 | 1.1-6 | 157.79 | 186.52 | 344.31 | OK | |
r-release-macos-arm64 | 1.1-6 | 178.00 | NOTE | |||
r-release-macos-x86_64 | 1.1-6 | 199.00 | NOTE | |||
r-release-windows-x86_64 | 1.1-6 | 126.00 | 285.00 | 411.00 | OK | |
r-oldrel-macos-arm64 | 1.1-6 | 198.00 | NOTE | |||
r-oldrel-macos-x86_64 | 1.1-6 | 604.00 | NOTE | |||
r-oldrel-windows-x86_64 | 1.1-6 | 156.00 | 320.00 | 476.00 | OK |
Version: 1.1-6
Check: installed package size
Result: NOTE
installed size is 39.5Mb
sub-directories of 1Mb or more:
doc 1.1Mb
libs 38.1Mb
Flavors: r-release-macos-arm64, r-release-macos-x86_64, r-oldrel-macos-arm64, r-oldrel-macos-x86_64