Last updated on 2025-02-21 09:50:46 CET.
Flavor | Version | Tinstall | Tcheck | Ttotal | Status | Flags |
---|---|---|---|---|---|---|
r-devel-linux-x86_64-debian-clang | 1.2.1 | 6.03 | 50.06 | 56.09 | OK | |
r-devel-linux-x86_64-debian-gcc | 1.2.1 | 4.23 | 35.62 | 39.85 | OK | |
r-devel-linux-x86_64-fedora-clang | 1.2.1 | 88.71 | OK | |||
r-devel-linux-x86_64-fedora-gcc | 1.2.1 | 80.29 | OK | |||
r-devel-macos-arm64 | 1.2.1 | 39.00 | OK | |||
r-devel-macos-x86_64 | 1.2.1 | 61.00 | OK | |||
r-devel-windows-x86_64 | 1.2.1 | 10.00 | 65.00 | 75.00 | OK | |
r-patched-linux-x86_64 | 1.2.1 | 5.42 | 45.52 | 50.94 | NOTE | |
r-release-linux-x86_64 | 1.2.1 | 4.59 | 46.26 | 50.85 | NOTE | |
r-release-macos-arm64 | 1.2.1 | 38.00 | NOTE | |||
r-release-macos-x86_64 | 1.2.1 | 48.00 | NOTE | |||
r-release-windows-x86_64 | 1.2.1 | 9.00 | 65.00 | 74.00 | NOTE | |
r-oldrel-macos-arm64 | 1.2.1 | 33.00 | NOTE | |||
r-oldrel-macos-x86_64 | 1.2.1 | 42.00 | NOTE | |||
r-oldrel-windows-x86_64 | 1.2.1 | 10.00 | 69.00 | 79.00 | NOTE |
Version: 1.2.1
Check: LazyData
Result: NOTE
'LazyData' is specified without a 'data' directory
Flavors: r-patched-linux-x86_64, r-release-linux-x86_64, r-release-macos-arm64, r-release-macos-x86_64, r-release-windows-x86_64, r-oldrel-macos-arm64, r-oldrel-macos-x86_64, r-oldrel-windows-x86_64