Last updated on 2025-02-22 09:50:55 CET.
Flavor | Version | Tinstall | Tcheck | Ttotal | Status | Flags |
---|---|---|---|---|---|---|
r-devel-linux-x86_64-debian-clang | 0.5-1 | 2.05 | 43.70 | 45.75 | NOTE | |
r-devel-linux-x86_64-debian-gcc | 0.5-1 | 1.59 | 30.41 | 32.00 | NOTE | |
r-devel-linux-x86_64-fedora-clang | 0.5-1 | 71.92 | NOTE | |||
r-devel-linux-x86_64-fedora-gcc | 0.5-1 | 69.61 | NOTE | |||
r-devel-macos-arm64 | 0.5-1 | 24.00 | NOTE | |||
r-devel-macos-x86_64 | 0.5-1 | 47.00 | NOTE | |||
r-devel-windows-x86_64 | 0.5-1 | 3.00 | 66.00 | 69.00 | NOTE | |
r-patched-linux-x86_64 | 0.5-1 | 2.16 | 39.49 | 41.65 | NOTE | |
r-release-linux-x86_64 | 0.5-1 | 1.77 | 40.12 | 41.89 | NOTE | |
r-release-macos-arm64 | 0.5-1 | 24.00 | NOTE | |||
r-release-macos-x86_64 | 0.5-1 | 37.00 | NOTE | |||
r-release-windows-x86_64 | 0.5-1 | 3.00 | 60.00 | 63.00 | NOTE | |
r-oldrel-macos-arm64 | 0.5-1 | 27.00 | OK | |||
r-oldrel-macos-x86_64 | 0.5-1 | 39.00 | OK | |||
r-oldrel-windows-x86_64 | 0.5-1 | 3.00 | 59.00 | 62.00 | OK |
Version: 0.5-1
Check: Rd files
Result: NOTE
checkRd: (-1) NEWS.Rd:16: Lost braces; missing escapes or markup?
16 | \item Now \code{AICc == Inf} when {n <= p + 1}.
| ^
Flavors: r-devel-linux-x86_64-debian-clang, r-devel-linux-x86_64-debian-gcc, r-devel-linux-x86_64-fedora-clang, r-devel-linux-x86_64-fedora-gcc, r-devel-macos-arm64, r-devel-macos-x86_64, r-devel-windows-x86_64, r-patched-linux-x86_64, r-release-linux-x86_64, r-release-macos-arm64, r-release-macos-x86_64, r-release-windows-x86_64