CRAN Package Check Results for Package geospark

Last updated on 2025-02-22 09:50:55 CET.

Flavor Version Tinstall Tcheck Ttotal Status Flags
r-devel-linux-x86_64-debian-clang 0.3.1 6.01 50.73 56.74 OK
r-devel-linux-x86_64-debian-gcc 0.3.1 4.53 36.28 40.81 OK
r-devel-linux-x86_64-fedora-clang 0.3.1 90.15 NOTE
r-devel-linux-x86_64-fedora-gcc 0.3.1 84.21 NOTE
r-devel-macos-arm64 0.3.1 34.00 OK
r-devel-macos-x86_64 0.3.1 52.00 OK
r-devel-windows-x86_64 0.3.1 8.00 65.00 73.00 OK
r-patched-linux-x86_64 0.3.1 5.75 46.85 52.60 NOTE
r-release-linux-x86_64 0.3.1 5.35 47.35 52.70 NOTE
r-release-macos-arm64 0.3.1 34.00 NOTE
r-release-macos-x86_64 0.3.1 48.00 NOTE
r-release-windows-x86_64 0.3.1 6.00 65.00 71.00 NOTE
r-oldrel-macos-arm64 0.3.1 31.00 NOTE
r-oldrel-macos-x86_64 0.3.1 45.00 NOTE
r-oldrel-windows-x86_64 0.3.1 10.00 76.00 86.00 NOTE

Check Details

Version: 0.3.1
Check: dependencies in R code
Result: NOTE Namespace in Imports field not imported from: ‘dbplyr’ All declared Imports should be used. Flavors: r-devel-linux-x86_64-fedora-clang, r-devel-linux-x86_64-fedora-gcc

Version: 0.3.1
Check: LazyData
Result: NOTE 'LazyData' is specified without a 'data' directory Flavors: r-patched-linux-x86_64, r-release-linux-x86_64, r-release-macos-arm64, r-release-macos-x86_64, r-release-windows-x86_64, r-oldrel-macos-arm64, r-oldrel-macos-x86_64, r-oldrel-windows-x86_64