CRAN Package Check Results for Package devtools

Last updated on 2025-02-22 09:50:52 CET.

Flavor Version Tinstall Tcheck Ttotal Status Flags
r-devel-linux-x86_64-debian-clang 2.4.5 8.02 98.02 106.04 NOTE
r-devel-linux-x86_64-debian-gcc 2.4.5 5.80 69.22 75.02 NOTE
r-devel-linux-x86_64-fedora-clang 2.4.5 169.74 OK
r-devel-linux-x86_64-fedora-gcc 2.4.5 213.38 OK
r-devel-macos-arm64 2.4.5 95.00 OK
r-devel-macos-x86_64 2.4.5 148.00 OK
r-devel-windows-x86_64 2.4.5 10.00 136.00 146.00 NOTE
r-patched-linux-x86_64 2.4.5 14.42 102.49 116.91 OK
r-release-linux-x86_64 2.4.5 8.76 100.18 108.94 OK
r-release-macos-arm64 2.4.5 90.00 OK
r-release-macos-x86_64 2.4.5 131.00 OK
r-release-windows-x86_64 2.4.5 11.00 127.00 138.00 OK
r-oldrel-macos-arm64 2.4.5 73.00 OK
r-oldrel-macos-x86_64 2.4.5 120.00 OK
r-oldrel-windows-x86_64 2.4.5 15.00 148.00 163.00 OK

Check Details

Version: 2.4.5
Check: Rd cross-references
Result: NOTE Found the following Rd file(s) with Rd \link{} targets missing package anchors: check.Rd: compiler_flags remote-reexports.Rd: ellipsis Please provide package anchors for all Rd \link{} targets not in the package itself and the base packages. Flavors: r-devel-linux-x86_64-debian-clang, r-devel-linux-x86_64-debian-gcc, r-devel-windows-x86_64