Last updated on 2025-02-22 09:50:51 CET.
Flavor | Version | Tinstall | Tcheck | Ttotal | Status | Flags |
---|---|---|---|---|---|---|
r-devel-linux-x86_64-debian-clang | 1.1.7 | 0.37 | 1.73 | 2.10 | ERROR | |
r-devel-linux-x86_64-debian-gcc | 1.1.7 | 4.08 | 35.60 | 39.68 | OK | |
r-devel-linux-x86_64-fedora-clang | 1.1.7 | 93.92 | NOTE | |||
r-devel-linux-x86_64-fedora-gcc | 1.1.7 | 89.75 | NOTE | |||
r-devel-macos-arm64 | 1.1.7 | 29.00 | OK | |||
r-devel-macos-x86_64 | 1.1.7 | 56.00 | OK | |||
r-devel-windows-x86_64 | 1.1.7 | 9.00 | 68.00 | 77.00 | OK | |
r-patched-linux-x86_64 | 1.1.7 | 4.93 | 45.33 | 50.26 | OK | |
r-release-linux-x86_64 | 1.1.7 | 5.87 | 45.48 | 51.35 | OK | |
r-release-macos-arm64 | 1.1.7 | 29.00 | NOTE | |||
r-release-macos-x86_64 | 1.1.7 | 41.00 | NOTE | |||
r-release-windows-x86_64 | 1.1.7 | 8.00 | 66.00 | 74.00 | OK | |
r-oldrel-macos-arm64 | 1.1.7 | 27.00 | NOTE | |||
r-oldrel-macos-x86_64 | 1.1.7 | 73.00 | NOTE | |||
r-oldrel-windows-x86_64 | 1.1.7 | 9.00 | 75.00 | 84.00 | NOTE |
Version: 1.1.7
Check: package dependencies
Result: ERROR
Package required but not available: ‘rtracklayer’
Package suggested but not available for checking: ‘BSgenome.Scerevisiae.UCSC.sacCer3’
See section ‘The DESCRIPTION file’ in the ‘Writing R Extensions’
manual.
Flavor: r-devel-linux-x86_64-debian-clang
Version: 1.1.7
Check: dependencies in R code
Result: NOTE
Namespaces in Imports field not imported from:
‘DT’ ‘gbm’
All declared Imports should be used.
Flavors: r-devel-linux-x86_64-fedora-clang, r-devel-linux-x86_64-fedora-gcc
Version: 1.1.7
Check: package dependencies
Result: NOTE
Package suggested but not available for checking: ‘BSgenome.Scerevisiae.UCSC.sacCer3’
Flavors: r-release-macos-arm64, r-release-macos-x86_64, r-oldrel-macos-arm64, r-oldrel-macos-x86_64, r-oldrel-windows-x86_64