Last updated on 2025-02-21 09:50:39 CET.
Flavor | Version | Tinstall | Tcheck | Ttotal | Status | Flags |
---|---|---|---|---|---|---|
r-devel-linux-x86_64-debian-clang | 0.0.10 | 6.92 | 53.70 | 60.62 | NOTE | |
r-devel-linux-x86_64-debian-gcc | 0.0.10 | 4.62 | 38.22 | 42.84 | NOTE | |
r-devel-linux-x86_64-fedora-clang | 0.0.10 | 97.21 | OK | |||
r-devel-linux-x86_64-fedora-gcc | 0.0.10 | 92.71 | OK | |||
r-devel-macos-arm64 | 0.0.10 | 36.00 | OK | |||
r-devel-macos-x86_64 | 0.0.10 | 64.00 | OK | |||
r-devel-windows-x86_64 | 0.0.10 | 9.00 | 85.00 | 94.00 | NOTE | |
r-patched-linux-x86_64 | 0.0.10 | 13.73 | 50.18 | 63.91 | OK | |
r-release-linux-x86_64 | 0.0.10 | 6.52 | 50.09 | 56.61 | OK | |
r-release-macos-arm64 | 0.0.10 | 35.00 | OK | |||
r-release-macos-x86_64 | 0.0.10 | 52.00 | OK | |||
r-release-windows-x86_64 | 0.0.10 | 11.00 | 84.00 | 95.00 | OK | |
r-oldrel-macos-arm64 | 0.0.10 | 38.00 | OK | |||
r-oldrel-macos-x86_64 | 0.0.10 | 43.00 | OK | |||
r-oldrel-windows-x86_64 | 0.0.10 | 12.00 | 117.00 | 129.00 | OK |
Version: 0.0.10
Check: Rd cross-references
Result: NOTE
Found the following Rd file(s) with Rd \link{} targets missing package
anchors:
rmd_to_forestharp.Rd: get_source_expressions
Please provide package anchors for all Rd \link{} targets not in the
package itself and the base packages.
Flavors: r-devel-linux-x86_64-debian-clang, r-devel-linux-x86_64-debian-gcc, r-devel-windows-x86_64