Last updated on 2025-02-22 09:51:13 CET.
Flavor | Version | Tinstall | Tcheck | Ttotal | Status | Flags |
---|---|---|---|---|---|---|
r-devel-linux-x86_64-debian-clang | 1.9.16 | 79.12 | 71.64 | 150.76 | OK | |
r-devel-linux-x86_64-debian-gcc | 1.9.16 | 68.09 | 53.70 | 121.79 | OK | |
r-devel-linux-x86_64-fedora-clang | 1.9.16 | 228.98 | OK | |||
r-devel-linux-x86_64-fedora-gcc | 1.9.16 | 272.68 | OK | |||
r-devel-macos-arm64 | 1.9.16 | 66.00 | OK | |||
r-devel-macos-x86_64 | 1.9.16 | 157.00 | OK | |||
r-devel-windows-x86_64 | 1.9.16 | 94.00 | 96.00 | 190.00 | OK | |
r-patched-linux-x86_64 | 1.9.16 | 88.78 | 70.65 | 159.43 | OK | |
r-release-linux-x86_64 | 1.9.16 | 86.30 | 71.22 | 157.52 | OK | |
r-release-macos-arm64 | 1.9.16 | 64.00 | NOTE | |||
r-release-macos-x86_64 | 1.9.16 | 194.00 | NOTE | |||
r-release-windows-x86_64 | 1.9.16 | 96.00 | 97.00 | 193.00 | NOTE | |
r-oldrel-macos-arm64 | 1.9.16 | 81.00 | NOTE | |||
r-oldrel-macos-x86_64 | 1.9.16 | 194.00 | NOTE | |||
r-oldrel-windows-x86_64 | 1.9.16 | 116.00 | 108.00 | 224.00 | NOTE |
Version: 1.9.16
Check: installed package size
Result: NOTE
installed size is 16.6Mb
sub-directories of 1Mb or more:
examples 12.4Mb
include 3.6Mb
Flavors: r-release-macos-arm64, r-release-macos-x86_64, r-release-windows-x86_64, r-oldrel-macos-arm64, r-oldrel-macos-x86_64, r-oldrel-windows-x86_64