Last updated on 2025-02-22 09:51:09 CET.
Flavor | Version | Tinstall | Tcheck | Ttotal | Status | Flags |
---|---|---|---|---|---|---|
r-devel-linux-x86_64-debian-clang | 1.1.0 | 11.84 | 83.82 | 95.66 | OK | |
r-devel-linux-x86_64-debian-gcc | 1.1.0 | 7.46 | 59.91 | 67.37 | OK | |
r-devel-linux-x86_64-fedora-clang | 1.1.0 | 158.97 | OK | |||
r-devel-linux-x86_64-fedora-gcc | 1.1.0 | 147.65 | OK | |||
r-devel-macos-arm64 | 1.1.0 | 45.00 | OK | |||
r-devel-macos-x86_64 | 1.1.0 | 80.00 | OK | |||
r-devel-windows-x86_64 | 1.1.0 | 12.00 | 89.00 | 101.00 | OK | |
r-patched-linux-x86_64 | 1.1.0 | 11.12 | 76.07 | 87.19 | NOTE | |
r-release-linux-x86_64 | 1.1.0 | 9.01 | 76.91 | 85.92 | NOTE | |
r-release-macos-arm64 | 1.1.0 | 44.00 | NOTE | |||
r-release-macos-x86_64 | 1.1.0 | 60.00 | NOTE | |||
r-release-windows-x86_64 | 1.1.0 | 11.00 | 89.00 | 100.00 | NOTE | |
r-oldrel-macos-arm64 | 1.1.0 | 47.00 | NOTE | |||
r-oldrel-macos-x86_64 | 1.1.0 | 76.00 | NOTE | |||
r-oldrel-windows-x86_64 | 1.1.0 | 15.00 | 109.00 | 124.00 | NOTE |
Version: 1.1.0
Check: LazyData
Result: NOTE
'LazyData' is specified without a 'data' directory
Flavors: r-patched-linux-x86_64, r-release-linux-x86_64, r-release-macos-arm64, r-release-macos-x86_64, r-release-windows-x86_64, r-oldrel-macos-arm64, r-oldrel-macos-x86_64, r-oldrel-windows-x86_64