Last updated on 2025-02-22 09:51:08 CET.
Flavor | Version | Tinstall | Tcheck | Ttotal | Status | Flags |
---|---|---|---|---|---|---|
r-devel-linux-x86_64-debian-clang | 1.7.0 | 23.37 | 33.52 | 56.89 | OK | |
r-devel-linux-x86_64-debian-gcc | 1.7.0 | 21.96 | 26.10 | 48.06 | OK | |
r-devel-linux-x86_64-fedora-clang | 1.8.0 | 100.46 | OK | |||
r-devel-linux-x86_64-fedora-gcc | 1.8.0 | 111.95 | OK | |||
r-devel-macos-arm64 | 1.7.0 | 34.00 | OK | |||
r-devel-macos-x86_64 | 1.8.0 | 123.00 | OK | |||
r-devel-windows-x86_64 | 1.7.0 | 29.00 | 79.00 | 108.00 | OK | |
r-patched-linux-x86_64 | 1.7.0 | 28.19 | 31.17 | 59.36 | OK | |
r-release-linux-x86_64 | 1.7.0 | 27.03 | 31.12 | 58.15 | OK | |
r-release-macos-arm64 | 1.7.0 | 39.00 | NOTE | |||
r-release-macos-x86_64 | 1.8.0 | 120.00 | NOTE | |||
r-release-windows-x86_64 | 1.7.0 | 27.00 | 75.00 | 102.00 | OK | |
r-oldrel-macos-arm64 | 1.7.0 | 55.00 | OK | |||
r-oldrel-macos-x86_64 | 1.8.0 | 101.00 | OK | |||
r-oldrel-windows-x86_64 | 1.7.0 | 27.00 | 89.00 | 116.00 | OK |
Version: 1.7.0
Check: installed package size
Result: NOTE
installed size is 5.1Mb
sub-directories of 1Mb or more:
libs 4.0Mb
Flavor: r-release-macos-arm64
Version: 1.8.0
Check: installed package size
Result: NOTE
installed size is 5.0Mb
sub-directories of 1Mb or more:
libs 3.8Mb
Flavor: r-release-macos-x86_64