Last updated on 2025-02-22 09:51:08 CET.
Flavor | Version | Tinstall | Tcheck | Ttotal | Status | Flags |
---|---|---|---|---|---|---|
r-devel-linux-x86_64-debian-clang | 1.0.0 | 4.10 | 61.62 | 65.72 | OK | |
r-devel-linux-x86_64-debian-gcc | 1.0.0 | 3.18 | 39.54 | 42.72 | OK | |
r-devel-linux-x86_64-fedora-clang | 1.0.0 | 118.04 | OK | |||
r-devel-linux-x86_64-fedora-gcc | 1.0.0 | 104.30 | OK | |||
r-devel-macos-arm64 | 1.0.0 | 29.00 | OK | |||
r-devel-macos-x86_64 | 1.0.0 | 17.00 | ERROR | |||
r-devel-windows-x86_64 | 1.0.0 | 7.00 | 76.00 | 83.00 | OK | |
r-patched-linux-x86_64 | 1.0.0 | 4.06 | 55.35 | 59.41 | OK | |
r-release-linux-x86_64 | 1.0.0 | 3.80 | 55.78 | 59.58 | OK | |
r-release-macos-arm64 | 1.0.0 | 30.00 | OK | |||
r-release-macos-x86_64 | 1.0.0 | 48.00 | OK | |||
r-release-windows-x86_64 | 1.0.0 | 10.00 | 74.00 | 84.00 | OK | |
r-oldrel-macos-arm64 | 1.0.0 | 32.00 | OK | |||
r-oldrel-macos-x86_64 | 1.0.0 | 75.00 | OK | |||
r-oldrel-windows-x86_64 | 1.0.0 | 10.00 | 94.00 | 104.00 | OK |
Version: 1.0.0
Check: whether package can be installed
Result: ERROR
Installation failed.
Flavor: r-devel-macos-x86_64