Last updated on 2025-02-21 09:50:47 CET.
Flavor | Version | Tinstall | Tcheck | Ttotal | Status | Flags |
---|---|---|---|---|---|---|
r-devel-linux-x86_64-debian-clang | 2.0.0 | 4.76 | 45.67 | 50.43 | NOTE | |
r-devel-linux-x86_64-debian-gcc | 2.0.0 | 3.55 | 34.31 | 37.86 | NOTE | |
r-devel-linux-x86_64-fedora-clang | 2.0.0 | 76.75 | NOTE | |||
r-devel-linux-x86_64-fedora-gcc | 2.0.0 | 90.65 | NOTE | |||
r-devel-macos-arm64 | 2.0.0 | 42.00 | OK | |||
r-devel-macos-x86_64 | 2.0.0 | 69.00 | NOTE | |||
r-devel-windows-x86_64 | 2.0.0 | 7.00 | 79.00 | 86.00 | NOTE | |
r-patched-linux-x86_64 | 2.0.0 | 4.40 | 42.26 | 46.66 | OK | |
r-release-linux-x86_64 | 2.0.0 | 4.64 | 42.27 | 46.91 | OK | |
r-release-macos-arm64 | 2.0.0 | 48.00 | OK | |||
r-release-macos-x86_64 | 2.0.0 | 97.00 | OK | |||
r-release-windows-x86_64 | 2.0.0 | 7.00 | 69.00 | 76.00 | OK | |
r-oldrel-macos-arm64 | 2.0.0 | 57.00 | OK | |||
r-oldrel-macos-x86_64 | 2.0.0 | 77.00 | OK | |||
r-oldrel-windows-x86_64 | 2.0.0 | 7.00 | 79.00 | 86.00 | OK |
Version: 2.0.0
Check: DESCRIPTION meta-information
Result: NOTE
Missing dependency on R >= 4.1.0 because package code uses the pipe
|> or function shorthand \(...) syntax added in R 4.1.0.
File(s) using such syntax:
‘Koboconnect.R’ ‘other.R’
Flavors: r-devel-linux-x86_64-debian-clang, r-devel-linux-x86_64-debian-gcc, r-devel-linux-x86_64-fedora-clang, r-devel-linux-x86_64-fedora-gcc, r-devel-macos-x86_64, r-devel-windows-x86_64