Last updated on 2025-02-21 09:50:45 CET.
Flavor | Version | Tinstall | Tcheck | Ttotal | Status | Flags |
---|---|---|---|---|---|---|
r-devel-linux-x86_64-debian-clang | 1.5 | 2.82 | 44.37 | 47.19 | NOTE | |
r-devel-linux-x86_64-debian-gcc | 1.5 | 1.96 | 33.49 | 35.45 | NOTE | |
r-devel-linux-x86_64-fedora-clang | 1.5 | 76.36 | NOTE | |||
r-devel-linux-x86_64-fedora-gcc | 1.5 | 85.66 | NOTE | |||
r-devel-macos-arm64 | 1.5 | 34.00 | OK | |||
r-devel-macos-x86_64 | 1.5 | 58.00 | NOTE | |||
r-devel-windows-x86_64 | 1.5 | 6.00 | 66.00 | 72.00 | NOTE | |
r-patched-linux-x86_64 | 1.5 | 2.51 | 42.87 | 45.38 | OK | |
r-release-linux-x86_64 | 1.5 | 1.98 | 43.04 | 45.02 | OK | |
r-release-macos-arm64 | 1.5 | 38.00 | NOTE | |||
r-release-macos-x86_64 | 1.5 | 50.00 | NOTE | |||
r-release-windows-x86_64 | 1.5 | 5.00 | 67.00 | 72.00 | NOTE | |
r-oldrel-macos-arm64 | 1.5 | 41.00 | NOTE | |||
r-oldrel-macos-x86_64 | 1.5 | 86.00 | NOTE | |||
r-oldrel-windows-x86_64 | 1.5 | 5.00 | 73.00 | 78.00 | NOTE |
Version: 1.5
Check: DESCRIPTION meta-information
Result: NOTE
Missing dependency on R >= 4.1.0 because package code uses the pipe
|> or function shorthand \(...) syntax added in R 4.1.0.
File(s) using such syntax:
‘gld_read_lattes_zip.R’
Flavors: r-devel-linux-x86_64-debian-clang, r-devel-linux-x86_64-debian-gcc, r-devel-linux-x86_64-fedora-clang, r-devel-linux-x86_64-fedora-gcc, r-devel-macos-x86_64, r-devel-windows-x86_64
Version: 1.5
Check: installed package size
Result: NOTE
installed size is 5.1Mb
sub-directories of 1Mb or more:
extdata 4.9Mb
Flavors: r-release-macos-arm64, r-release-macos-x86_64, r-release-windows-x86_64, r-oldrel-macos-arm64, r-oldrel-macos-x86_64, r-oldrel-windows-x86_64