Last updated on 2025-07-12 09:49:36 CEST.
Flavor | Version | Tinstall | Tcheck | Ttotal | Status | Flags |
---|---|---|---|---|---|---|
r-devel-linux-x86_64-debian-clang | 1.0.1 | 309.14 | 178.54 | 487.68 | OK | |
r-devel-linux-x86_64-debian-gcc | 1.0.1 | 301.11 | 147.78 | 448.89 | OK | |
r-devel-linux-x86_64-fedora-clang | 1.0.1 | 755.17 | OK | |||
r-devel-linux-x86_64-fedora-gcc | 1.0.1 | 964.87 | OK | |||
r-devel-windows-x86_64 | 1.0.1 | 354.00 | 206.00 | 560.00 | OK | |
r-patched-linux-x86_64 | 1.0.1 | 378.88 | 201.10 | 579.98 | OK | |
r-release-linux-x86_64 | 1.0.1 | 361.17 | 200.28 | 561.45 | OK | |
r-release-macos-arm64 | 1.0.1 | 182.00 | OK | |||
r-release-macos-x86_64 | 1.0.1 | 296.00 | OK | |||
r-release-windows-x86_64 | 1.0.1 | 350.00 | 195.00 | 545.00 | OK | |
r-oldrel-macos-arm64 | 1.0.1 | 106.00 | NOTE | |||
r-oldrel-macos-x86_64 | 1.0.1 | 133.00 | NOTE | |||
r-oldrel-windows-x86_64 | 1.0.1 | 421.00 | 254.00 | 675.00 | OK |
Version: 1.0.1
Check: installed package size
Result: NOTE
installed size is 57.6Mb
sub-directories of 1Mb or more:
libs 57.2Mb
Flavors: r-oldrel-macos-arm64, r-oldrel-macos-x86_64
Version: 1.0.1
Check: for GNU extensions in Makefiles
Result: NOTE
GNU make is a SystemRequirements.
Flavors: r-oldrel-macos-arm64, r-oldrel-macos-x86_64