Last updated on 2025-07-12 09:49:35 CEST.
Flavor | Version | Tinstall | Tcheck | Ttotal | Status | Flags |
---|---|---|---|---|---|---|
r-devel-linux-x86_64-debian-clang | 1.0.8 | 16.36 | 31.86 | 48.22 | NOTE | |
r-devel-linux-x86_64-debian-gcc | 1.0.8 | 9.22 | 25.61 | 34.83 | NOTE | |
r-devel-linux-x86_64-fedora-clang | 1.0.8 | 127.59 | NOTE | |||
r-devel-linux-x86_64-fedora-gcc | 1.0.8 | 71.89 | NOTE | |||
r-devel-windows-x86_64 | 1.0.8 | 20.00 | 70.00 | 90.00 | OK | |
r-patched-linux-x86_64 | 1.0.8 | 13.35 | 28.48 | 41.83 | NOTE | |
r-release-linux-x86_64 | 1.0.8 | 13.11 | 28.44 | 41.55 | NOTE | |
r-release-macos-arm64 | 1.0.8 | 58.00 | NOTE | |||
r-release-macos-x86_64 | 1.0.8 | 105.00 | NOTE | |||
r-release-windows-x86_64 | 1.0.8 | 20.00 | 73.00 | 93.00 | OK | |
r-oldrel-macos-arm64 | 1.0.8 | 51.00 | NOTE | |||
r-oldrel-macos-x86_64 | 1.0.8 | 90.00 | NOTE | |||
r-oldrel-windows-x86_64 | 1.0.8 | 87.00 | 80.00 | 167.00 | OK |
Version: 1.0.8
Check: C++ specification
Result: NOTE
Specified C++11: please drop specification unless essential
Flavors: r-devel-linux-x86_64-debian-clang, r-devel-linux-x86_64-debian-gcc, r-devel-linux-x86_64-fedora-clang, r-devel-linux-x86_64-fedora-gcc, r-patched-linux-x86_64, r-release-linux-x86_64, r-release-macos-arm64, r-release-macos-x86_64, r-oldrel-macos-arm64, r-oldrel-macos-x86_64