CRAN Package Check Results for Package transx

Last updated on 2025-02-21 09:51:04 CET.

Flavor Version Tinstall Tcheck Ttotal Status Flags
r-devel-linux-x86_64-debian-clang 0.0.1 3.27 48.16 51.43 OK
r-devel-linux-x86_64-debian-gcc 0.0.1 2.19 37.07 39.26 OK
r-devel-linux-x86_64-fedora-clang 0.0.1 89.85 OK
r-devel-linux-x86_64-fedora-gcc 0.0.1 96.94 OK
r-devel-macos-arm64 0.0.1 35.00 OK
r-devel-macos-x86_64 0.0.1 61.00 OK
r-devel-windows-x86_64 0.0.1 4.00 83.00 87.00 OK
r-patched-linux-x86_64 0.0.1 3.55 47.45 51.00 NOTE
r-release-linux-x86_64 0.0.1 3.00 47.12 50.12 NOTE
r-release-macos-arm64 0.0.1 30.00 NOTE
r-release-macos-x86_64 0.0.1 49.00 NOTE
r-release-windows-x86_64 0.0.1 4.00 83.00 87.00 NOTE
r-oldrel-macos-arm64 0.0.1 35.00 NOTE
r-oldrel-macos-x86_64 0.0.1 54.00 NOTE
r-oldrel-windows-x86_64 0.0.1 5.00 85.00 90.00 NOTE

Check Details

Version: 0.0.1
Check: LazyData
Result: NOTE 'LazyData' is specified without a 'data' directory Flavors: r-patched-linux-x86_64, r-release-linux-x86_64, r-release-macos-arm64, r-release-macos-x86_64, r-release-windows-x86_64, r-oldrel-macos-arm64, r-oldrel-macos-x86_64, r-oldrel-windows-x86_64