Last updated on 2025-07-12 09:49:35 CEST.
Flavor | Version | Tinstall | Tcheck | Ttotal | Status | Flags |
---|---|---|---|---|---|---|
r-devel-linux-x86_64-debian-clang | 1.0.4 | 3.52 | 115.69 | 119.21 | OK | |
r-devel-linux-x86_64-debian-gcc | 1.0.4 | 2.17 | 75.33 | 77.50 | OK | |
r-devel-linux-x86_64-fedora-clang | 1.0.4 | 214.03 | OK | |||
r-devel-linux-x86_64-fedora-gcc | 1.0.4 | 205.27 | OK | |||
r-devel-windows-x86_64 | 1.0.4 | 5.00 | 117.00 | 122.00 | OK | |
r-patched-linux-x86_64 | 1.0.4 | 3.29 | 110.84 | 114.13 | OK | |
r-release-linux-x86_64 | 1.0.4 | 2.99 | 108.67 | 111.66 | OK | |
r-release-macos-arm64 | 1.0.4 | 63.00 | OK | |||
r-release-macos-x86_64 | 1.0.4 | 135.00 | OK | |||
r-release-windows-x86_64 | 1.0.4 | 4.00 | 125.00 | 129.00 | OK | |
r-oldrel-macos-arm64 | 1.0.4 | 62.00 | NOTE | |||
r-oldrel-macos-x86_64 | 1.0.4 | 133.00 | NOTE | |||
r-oldrel-windows-x86_64 | 1.0.4 | 6.00 | 160.00 | 166.00 | NOTE |
Version: 1.0.4
Check: package dependencies
Result: NOTE
Package suggested but not available for checking: ‘fwelnet’
Flavors: r-oldrel-macos-arm64, r-oldrel-macos-x86_64
Version: 1.0.4
Check: package dependencies
Result: NOTE
Packages suggested but not available for checking: 'fwelnet', 'doMC'
Flavor: r-oldrel-windows-x86_64