Last updated on 2025-07-11 09:50:22 CEST.
Flavor | Version | Tinstall | Tcheck | Ttotal | Status | Flags |
---|---|---|---|---|---|---|
r-devel-linux-x86_64-debian-clang | 2.2.0 | 2.80 | 145.15 | 147.95 | NOTE | |
r-devel-linux-x86_64-debian-gcc | 2.2.0 | 1.85 | 95.41 | 97.26 | NOTE | |
r-devel-linux-x86_64-fedora-clang | 2.2.0 | 211.06 | NOTE | |||
r-devel-linux-x86_64-fedora-gcc | 2.2.0 | 224.66 | NOTE | |||
r-devel-windows-x86_64 | 2.2.0 | 4.00 | 138.00 | 142.00 | NOTE | |
r-patched-linux-x86_64 | 2.2.0 | 2.83 | 135.14 | 137.97 | NOTE | |
r-release-linux-x86_64 | 2.2.0 | 2.75 | 132.98 | 135.73 | NOTE | |
r-release-macos-arm64 | 2.2.0 | 72.00 | NOTE | |||
r-release-macos-x86_64 | 2.2.0 | 169.00 | NOTE | |||
r-release-windows-x86_64 | 2.2.0 | 5.00 | 137.00 | 142.00 | NOTE | |
r-oldrel-macos-arm64 | 2.2.0 | 69.00 | OK | |||
r-oldrel-macos-x86_64 | 2.2.0 | 121.00 | OK | |||
r-oldrel-windows-x86_64 | 2.2.0 | 7.00 | 184.00 | 191.00 | OK |
Version: 2.2.0
Check: DESCRIPTION meta-information
Result: NOTE
Missing dependency on R >= 4.1.0 because package code uses the pipe
|> or function shorthand \(...) syntax added in R 4.1.0.
File(s) using such syntax:
‘tidy_plate.R’
Flavors: r-devel-linux-x86_64-debian-clang, r-devel-linux-x86_64-debian-gcc, r-devel-linux-x86_64-fedora-clang, r-devel-linux-x86_64-fedora-gcc, r-devel-windows-x86_64, r-patched-linux-x86_64, r-release-linux-x86_64, r-release-macos-arm64, r-release-macos-x86_64, r-release-windows-x86_64