Last updated on 2025-07-12 09:49:33 CEST.
Flavor | Version | Tinstall | Tcheck | Ttotal | Status | Flags |
---|---|---|---|---|---|---|
r-devel-linux-x86_64-debian-clang | 0.3.2 | 26.75 | 36.21 | 62.96 | OK | |
r-devel-linux-x86_64-debian-gcc | 0.3.2 | 24.26 | 28.88 | 53.14 | OK | |
r-devel-linux-x86_64-fedora-clang | 0.3.2 | 103.84 | OK | |||
r-devel-linux-x86_64-fedora-gcc | 0.3.2 | 132.35 | OK | |||
r-devel-windows-x86_64 | 0.3.2 | 54.00 | 80.00 | 134.00 | OK | |
r-patched-linux-x86_64 | 0.3.2 | 35.70 | 33.68 | 69.38 | OK | |
r-release-linux-x86_64 | 0.3.2 | 33.70 | 33.92 | 67.62 | OK | |
r-release-macos-arm64 | 0.3.2 | 51.00 | OK | |||
r-release-macos-x86_64 | 0.3.2 | 68.00 | OK | |||
r-release-windows-x86_64 | 0.3.2 | 51.00 | 82.00 | 133.00 | OK | |
r-oldrel-macos-arm64 | 0.3.2 | 63.00 | NOTE | |||
r-oldrel-macos-x86_64 | 0.3.2 | 110.00 | NOTE | |||
r-oldrel-windows-x86_64 | 0.3.2 | 57.00 | 92.00 | 149.00 | NOTE |
Version: 0.3.2
Check: package dependencies
Result: NOTE
Package suggested but not available for checking: ‘swephRdata’
Flavors: r-oldrel-macos-arm64, r-oldrel-macos-x86_64, r-oldrel-windows-x86_64