CRAN Package Check Results for Package swa

Last updated on 2025-07-13 09:49:56 CEST.

Flavor Version Tinstall Tcheck Ttotal Status Flags
r-devel-linux-x86_64-debian-clang 0.8.1 5.37 50.60 55.97 NOTE
r-devel-linux-x86_64-debian-gcc 0.8.1 3.66 36.05 39.71 NOTE
r-devel-linux-x86_64-fedora-clang 0.8.1 88.05 OK
r-devel-linux-x86_64-fedora-gcc 0.8.1 80.47 OK
r-devel-windows-x86_64 0.8.1 8.00 67.00 75.00 OK
r-patched-linux-x86_64 0.8.1 5.04 47.05 52.09 OK
r-release-linux-x86_64 0.8.1 4.67 47.23 51.90 OK
r-release-macos-arm64 0.8.1 28.00 OK
r-release-macos-x86_64 0.8.1 48.00 OK
r-release-windows-x86_64 0.8.1 7.00 70.00 77.00 OK
r-oldrel-macos-arm64 0.8.1 26.00 NOTE
r-oldrel-macos-x86_64 0.8.1 39.00 NOTE
r-oldrel-windows-x86_64 0.8.1 9.00 79.00 88.00 NOTE

Check Details

Version: 0.8.1
Check: CRAN incoming feasibility
Result: NOTE Maintainer: ‘Xingye Qiao <qiao@math.binghamton.edu>’ Found the following \keyword or \concept entries which likely give several index terms: File ‘swa.Rd’: \keyword{classification,} \keyword{selection,} Flavors: r-devel-linux-x86_64-debian-clang, r-devel-linux-x86_64-debian-gcc

Version: 0.8.1
Check: LazyData
Result: NOTE 'LazyData' is specified without a 'data' directory Flavors: r-oldrel-macos-arm64, r-oldrel-macos-x86_64, r-oldrel-windows-x86_64