Last updated on 2025-07-12 09:49:32 CEST.
Flavor | Version | Tinstall | Tcheck | Ttotal | Status | Flags |
---|---|---|---|---|---|---|
r-devel-linux-x86_64-debian-clang | 0.3.15 | 10.53 | 75.55 | 86.08 | OK | |
r-devel-linux-x86_64-debian-gcc | 0.3.15 | 6.61 | 54.99 | 61.60 | WARN | |
r-devel-linux-x86_64-fedora-clang | 0.3.15 | 135.40 | OK | |||
r-devel-linux-x86_64-fedora-gcc | 0.3.15 | 197.78 | OK | |||
r-devel-windows-x86_64 | 0.3.15 | 12.00 | 116.00 | 128.00 | OK | |
r-patched-linux-x86_64 | 0.3.15 | 11.65 | 88.80 | 100.45 | OK | |
r-release-linux-x86_64 | 0.3.15 | 9.16 | 78.38 | 87.54 | OK | |
r-release-macos-arm64 | 0.3.15 | 35.00 | OK | |||
r-release-macos-x86_64 | 0.3.15 | 67.00 | OK | |||
r-release-windows-x86_64 | 0.3.15 | 12.00 | 120.00 | 132.00 | OK | |
r-oldrel-macos-arm64 | 0.3.15 | 32.00 | OK | |||
r-oldrel-macos-x86_64 | 0.3.15 | 59.00 | OK | |||
r-oldrel-windows-x86_64 | 0.3.15 | 12.00 | 109.00 | 121.00 | OK |
Version: 0.3.15
Check: replacement functions
Result: WARN
‘boxplot.:.lengths’ ‘contour.:.pemt’ ‘density.:.lengths’
‘hist.:.lengths’ ‘image.:.multi_tpfit’ ‘image.:.pemt’
‘persp.:.multi_tpfit’ ‘persp.:.pemt’ ‘plot.:.density.lengths’
‘plot.:.hist.lengths’ ‘plot.:.lengths’ ‘plot.:.transiogram’
‘predict.:.multi_tpfit’ ‘predict.:.tpfit’ ‘print.:.density.lengths’
‘print.:.lengths’ ‘print.:.multi_tpfit’ ‘print.:.multi_transiogram’
‘print.:.summary.lengths’ ‘print.:.tpfit’ ‘print.:.transiogram’
‘summary.:.lengths’ ‘boxplot.:.lengths’ ‘contour.:.pemt’
‘density.:.lengths’ ‘hist.:.lengths’ ‘image.:.multi_tpfit’
‘image.:.pemt’ ‘persp.:.multi_tpfit’ ‘persp.:.pemt’
‘plot.:.density.lengths’ ‘plot.:.hist.lengths’ ‘plot.:.lengths’
‘plot.:.transiogram’ ‘predict.:.multi_tpfit’ ‘predict.:.tpfit’
‘print.:.density.lengths’ ‘print.:.lengths’ ‘print.:.multi_tpfit’
‘print.:.multi_transiogram’ ‘print.:.summary.lengths’ ‘print.:.tpfit’
‘print.:.transiogram’ ‘summary.:.lengths’
The argument of a replacement function which corresponds to the right
hand side must be named ‘value’.
Flavor: r-devel-linux-x86_64-debian-gcc