Last updated on 2025-02-21 09:51:02 CET.
Flavor | Version | Tinstall | Tcheck | Ttotal | Status | Flags |
---|---|---|---|---|---|---|
r-devel-linux-x86_64-debian-clang | 0.1.0 | 43.36 | 47.74 | 91.10 | NOTE | |
r-devel-linux-x86_64-debian-gcc | 0.1.0 | 29.09 | 32.54 | 61.63 | NOTE | |
r-devel-linux-x86_64-fedora-clang | 0.1.0 | 177.66 | NOTE | |||
r-devel-linux-x86_64-fedora-gcc | 0.1.0 | 151.32 | NOTE | |||
r-devel-macos-arm64 | 0.1.0 | 38.00 | NOTE | |||
r-devel-macos-x86_64 | 0.1.0 | 69.00 | NOTE | |||
r-devel-windows-x86_64 | 0.1.0 | 50.00 | 86.00 | 136.00 | NOTE | |
r-patched-linux-x86_64 | 0.1.0 | 42.60 | 44.40 | 87.00 | NOTE | |
r-release-linux-x86_64 | 0.1.0 | 40.40 | 44.60 | 85.00 | NOTE | |
r-release-macos-arm64 | 0.1.0 | 40.00 | NOTE | |||
r-release-macos-x86_64 | 0.1.0 | 55.00 | NOTE | |||
r-release-windows-x86_64 | 0.1.0 | 49.00 | 85.00 | 134.00 | NOTE | |
r-oldrel-macos-arm64 | 0.1.0 | 44.00 | NOTE | |||
r-oldrel-macos-x86_64 | 0.1.0 | 82.00 | NOTE | |||
r-oldrel-windows-x86_64 | 0.1.0 | 58.00 | 121.00 | 179.00 | NOTE |
Version: 0.1.0
Check: C++ specification
Result: NOTE
Specified C++11: please drop specification unless essential
Flavors: r-devel-linux-x86_64-debian-clang, r-devel-linux-x86_64-debian-gcc, r-devel-linux-x86_64-fedora-clang, r-devel-linux-x86_64-fedora-gcc, r-devel-macos-arm64, r-devel-macos-x86_64, r-devel-windows-x86_64, r-patched-linux-x86_64, r-release-linux-x86_64, r-release-macos-arm64, r-release-macos-x86_64, r-release-windows-x86_64, r-oldrel-macos-arm64, r-oldrel-macos-x86_64, r-oldrel-windows-x86_64