CRAN Package Check Results for Package rt.test

Last updated on 2025-10-30 08:51:26 CET.

Flavor Version Tinstall Tcheck Ttotal Status Flags
r-devel-linux-x86_64-debian-clang 1.18.7.9 1.78 21.07 22.85 NOTE
r-devel-linux-x86_64-debian-gcc 1.18.7.9 1.47 17.42 18.89 NOTE
r-devel-linux-x86_64-fedora-clang 1.18.7.9 33.46 OK
r-devel-linux-x86_64-fedora-gcc 1.18.7.9 32.00 OK
r-devel-windows-x86_64 1.18.7.9 3.00 42.00 45.00 OK
r-patched-linux-x86_64 1.18.7.9 1.95 20.13 22.08 OK
r-release-linux-x86_64 1.18.7.9 1.78 20.28 22.06 OK
r-release-macos-arm64 1.18.7.9 1.00 16.00 17.00 OK
r-release-macos-x86_64 1.18.7.9 2.00 22.00 24.00 OK
r-release-windows-x86_64 1.18.7.9 3.00 47.00 50.00 OK
r-oldrel-macos-arm64 1.18.7.9 1.00 14.00 15.00 OK
r-oldrel-macos-x86_64 1.18.7.9 2.00 23.00 25.00 OK
r-oldrel-windows-x86_64 1.18.7.9 3.00 44.00 47.00 OK

Check Details

Version: 1.18.7.9
Check: CRAN incoming feasibility
Result: NOTE Maintainer: ‘Chanseok Park <statpnu@gmail.com>’ Package CITATION file contains call(s) to old-style personList() or as.personList(). Please use c() on person objects instead. Package CITATION file contains call(s) to old-style citEntry(). Please use bibentry() instead. The Description field contains Park and Wang (2018)<arXiv:1807.02215>. This work was partially Please refer to arXiv e-prints via their arXiv DOI <doi:10.48550/arXiv.YYMM.NNNNN>. Flavors: r-devel-linux-x86_64-debian-clang, r-devel-linux-x86_64-debian-gcc