CRAN Package Check Results for Package rsubgroup

Last updated on 2025-07-13 09:49:53 CEST.

Flavor Version Tinstall Tcheck Ttotal Status Flags
r-devel-linux-x86_64-debian-clang 1.1 3.99 47.06 51.05 NOTE
r-devel-linux-x86_64-debian-gcc 1.1 2.89 36.42 39.31 NOTE
r-devel-linux-x86_64-fedora-clang 1.1 79.34 OK
r-devel-linux-x86_64-fedora-gcc 1.1 76.81 OK
r-devel-windows-x86_64 1.1 5.00 60.00 65.00 OK
r-patched-linux-x86_64 1.1 4.15 44.84 48.99 OK
r-release-linux-x86_64 1.1 3.30 44.94 48.24 OK
r-release-macos-arm64 1.1 28.00 OK
r-release-macos-x86_64 1.1 46.00 OK
r-release-windows-x86_64 1.1 6.00 65.00 71.00 OK
r-oldrel-macos-arm64 1.1 24.00 OK
r-oldrel-macos-x86_64 1.1 39.00 OK
r-oldrel-windows-x86_64 1.1 5.00 58.00 63.00 OK

Check Details

Version: 1.1
Check: CRAN incoming feasibility
Result: NOTE Maintainer: ‘Martin Atzmueller <martin@atzmueller.net>’ No Authors@R field in DESCRIPTION. Please add one, modifying Authors@R: person(given = "Martin", family = "Atzmueller", role = c("aut", "cre"), email = "martin@atzmueller.net") as necessary. Flavors: r-devel-linux-x86_64-debian-clang, r-devel-linux-x86_64-debian-gcc