Last updated on 2025-07-12 09:49:30 CEST.
Flavor | Version | Tinstall | Tcheck | Ttotal | Status | Flags |
---|---|---|---|---|---|---|
r-devel-linux-x86_64-debian-clang | 0.2.0 | 1.51 | 26.08 | 27.59 | OK | |
r-devel-linux-x86_64-debian-gcc | 0.2.0 | 1.37 | 21.32 | 22.69 | OK | |
r-devel-linux-x86_64-fedora-clang | 0.2.0 | 41.72 | OK | |||
r-devel-linux-x86_64-fedora-gcc | 0.2.0 | 40.61 | OK | |||
r-devel-windows-x86_64 | 0.2.0 | 3.00 | 46.00 | 49.00 | OK | |
r-patched-linux-x86_64 | 0.2.0 | 1.95 | 24.03 | 25.98 | OK | |
r-release-linux-x86_64 | 0.2.0 | 1.81 | 24.30 | 26.11 | OK | |
r-release-macos-arm64 | 0.2.0 | 21.00 | OK | |||
r-release-macos-x86_64 | 0.2.0 | 32.00 | OK | |||
r-release-windows-x86_64 | 0.2.0 | 4.00 | 46.00 | 50.00 | OK | |
r-oldrel-macos-arm64 | 0.2.0 | 18.00 | NOTE | |||
r-oldrel-macos-x86_64 | 0.2.0 | 24.00 | NOTE | |||
r-oldrel-windows-x86_64 | 0.2.0 | 4.00 | 54.00 | 58.00 | NOTE |
Version: 0.2.0
Check: LazyData
Result: NOTE
'LazyData' is specified without a 'data' directory
Flavors: r-oldrel-macos-arm64, r-oldrel-macos-x86_64, r-oldrel-windows-x86_64