Last updated on 2025-07-11 09:50:17 CEST.
Flavor | Version | Tinstall | Tcheck | Ttotal | Status | Flags |
---|---|---|---|---|---|---|
r-devel-linux-x86_64-debian-clang | 0.1 | 73.70 | 111.22 | 184.92 | NOTE | |
r-devel-linux-x86_64-debian-gcc | 0.1 | 49.07 | 80.53 | 129.60 | NOTE | |
r-devel-linux-x86_64-fedora-clang | 0.1 | 315.27 | NOTE | |||
r-devel-linux-x86_64-fedora-gcc | 0.1 | 270.72 | NOTE | |||
r-devel-windows-x86_64 | 0.1 | 81.00 | 122.00 | 203.00 | NOTE | |
r-patched-linux-x86_64 | 0.1 | 67.17 | 101.49 | 168.66 | NOTE | |
r-release-linux-x86_64 | 0.1 | 66.11 | 99.37 | 165.48 | NOTE | |
r-release-macos-arm64 | 0.1 | 69.00 | NOTE | |||
r-release-macos-x86_64 | 0.1 | 105.00 | NOTE | |||
r-release-windows-x86_64 | 0.1 | 83.00 | 131.00 | 214.00 | NOTE | |
r-oldrel-macos-arm64 | 0.1 | 71.00 | NOTE | |||
r-oldrel-macos-x86_64 | 0.1 | 86.00 | NOTE | |||
r-oldrel-windows-x86_64 | 0.1 | 101.00 | 161.00 | 262.00 | NOTE |
Version: 0.1
Check: C++ specification
Result: NOTE
Specified C++11: please drop specification unless essential
Flavors: r-devel-linux-x86_64-debian-clang, r-devel-linux-x86_64-debian-gcc, r-devel-linux-x86_64-fedora-clang, r-devel-linux-x86_64-fedora-gcc, r-devel-windows-x86_64, r-patched-linux-x86_64, r-release-linux-x86_64, r-release-macos-arm64, r-release-macos-x86_64, r-release-windows-x86_64, r-oldrel-macos-arm64, r-oldrel-macos-x86_64, r-oldrel-windows-x86_64