CRAN Package Check Results for Package rapidxmlr

Last updated on 2025-10-30 08:51:24 CET.

Flavor Version Tinstall Tcheck Ttotal Status Flags
r-devel-linux-x86_64-debian-clang 0.1.0 1.40 17.72 19.12 OK
r-devel-linux-x86_64-debian-gcc 0.1.0 1.23 15.16 16.39 OK
r-devel-linux-x86_64-fedora-clang 0.1.0 26.95 OK
r-devel-linux-x86_64-fedora-gcc 0.1.0 25.29 OK
r-devel-windows-x86_64 0.1.0 2.00 31.00 33.00 OK
r-patched-linux-x86_64 0.1.0 1.31 15.84 17.15 OK
r-release-linux-x86_64 0.1.0 1.29 16.09 17.38 OK
r-release-macos-arm64 0.1.0 1.00 13.00 14.00 OK
r-release-macos-x86_64 0.1.0 1.00 19.00 20.00 OK
r-release-windows-x86_64 0.1.0 3.00 36.00 39.00 OK
r-oldrel-macos-arm64 0.1.0 1.00 12.00 13.00 NOTE
r-oldrel-macos-x86_64 0.1.0 1.00 17.00 18.00 NOTE
r-oldrel-windows-x86_64 0.1.0 2.00 32.00 34.00 NOTE

Check Details

Version: 0.1.0
Check: LazyData
Result: NOTE 'LazyData' is specified without a 'data' directory Flavors: r-oldrel-macos-arm64, r-oldrel-macos-x86_64, r-oldrel-windows-x86_64