Last updated on 2025-10-30 08:51:24 CET.
| Flavor | Version | Tinstall | Tcheck | Ttotal | Status | Flags |
|---|---|---|---|---|---|---|
| r-devel-linux-x86_64-debian-clang | 1.0.0 | 2.08 | 24.61 | 26.69 | NOTE | |
| r-devel-linux-x86_64-debian-gcc | 1.0.0 | 1.59 | 19.92 | 21.51 | NOTE | |
| r-devel-linux-x86_64-fedora-clang | 1.0.0 | 14.00 | 25.81 | 39.81 | NOTE | |
| r-devel-linux-x86_64-fedora-gcc | 1.0.0 | 36.21 | NOTE | |||
| r-devel-windows-x86_64 | 1.0.0 | 4.00 | 44.00 | 48.00 | NOTE | |
| r-patched-linux-x86_64 | 1.0.0 | 2.81 | 23.29 | 26.10 | NOTE | |
| r-release-linux-x86_64 | 1.0.0 | 2.24 | 23.05 | 25.29 | NOTE | |
| r-release-macos-arm64 | 1.0.0 | 1.00 | 15.00 | 16.00 | NOTE | |
| r-release-macos-x86_64 | 1.0.0 | 2.00 | 23.00 | 25.00 | NOTE | |
| r-release-windows-x86_64 | 1.0.0 | 3.00 | 50.00 | 53.00 | NOTE | |
| r-oldrel-macos-arm64 | 1.0.0 | 1.00 | 15.00 | 16.00 | NOTE | |
| r-oldrel-macos-x86_64 | 1.0.0 | 2.00 | 19.00 | 21.00 | NOTE | |
| r-oldrel-windows-x86_64 | 1.0.0 | 3.00 | 44.00 | 47.00 | NOTE |
Version: 1.0.0
Check: DESCRIPTION meta-information
Result: NOTE
Malformed Description field: should contain one or more complete sentences.
Flavors: r-devel-linux-x86_64-debian-clang, r-devel-linux-x86_64-debian-gcc, r-devel-linux-x86_64-fedora-clang, r-devel-linux-x86_64-fedora-gcc, r-devel-windows-x86_64, r-patched-linux-x86_64, r-release-linux-x86_64, r-release-macos-arm64, r-release-macos-x86_64, r-release-windows-x86_64, r-oldrel-macos-arm64, r-oldrel-macos-x86_64, r-oldrel-windows-x86_64